Last updated on 2025-05-08 01:50:57 CEST.
Flavor | Version | Tinstall | Tcheck | Ttotal | Status | Flags |
---|---|---|---|---|---|---|
r-devel-linux-x86_64-debian-clang | 1.3.2 | 2.63 | 43.10 | 45.73 | NOTE | |
r-devel-linux-x86_64-debian-gcc | 1.3.2 | 2.24 | 33.62 | 35.86 | NOTE | |
r-devel-linux-x86_64-fedora-clang | 1.3.2 | 77.31 | NOTE | |||
r-devel-linux-x86_64-fedora-gcc | 1.3.2 | 86.57 | NOTE | |||
r-devel-windows-x86_64 | 1.3.2 | 4.00 | 76.00 | 80.00 | NOTE | |
r-patched-linux-x86_64 | 1.3.2 | 3.13 | 42.89 | 46.02 | NOTE | |
r-release-linux-x86_64 | 1.3.2 | 2.38 | 41.64 | 44.02 | NOTE | |
r-release-macos-arm64 | 1.3.2 | 35.00 | NOTE | |||
r-release-macos-x86_64 | 1.3.2 | 65.00 | NOTE | |||
r-release-windows-x86_64 | 1.3.2 | 4.00 | 79.00 | 83.00 | NOTE | |
r-oldrel-macos-arm64 | 1.3.2 | 34.00 | NOTE | |||
r-oldrel-macos-x86_64 | 1.3.2 | 53.00 | NOTE | |||
r-oldrel-windows-x86_64 | 1.3.2 | 4.00 | 75.00 | 79.00 | NOTE |
Version: 1.3.2
Check: CRAN incoming feasibility
Result: NOTE
Maintainer: ‘Mario Annau <mario.annau@gmail.com>’
No Authors@R field in DESCRIPTION.
Please add one, modifying
Authors@R: c(person(given = c("See", "AUTHORS"),
family = "file.",
role = "aut"),
person(given = "Mario",
family = "Annau",
role = "cre",
email = "mario.annau@gmail.com"))
as necessary.
Flavors: r-devel-linux-x86_64-debian-clang, r-devel-linux-x86_64-debian-gcc
Version: 1.3.2
Check: Rd files
Result: NOTE
checkRd: (-1) Extractor.Rd:13: Lost braces in \itemize; meant \describe ?
checkRd: (-1) Extractor.Rd:14: Lost braces in \itemize; meant \describe ?
checkRd: (-1) Extractor.Rd:15: Lost braces in \itemize; meant \describe ?
checkRd: (-1) Extractor.Rd:16: Lost braces in \itemize; meant \describe ?
checkRd: (-1) Extractor.Rd:17: Lost braces in \itemize; meant \describe ?
checkRd: (-1) Extractor.Rd:18: Lost braces in \itemize; meant \describe ?
checkRd: (-1) Extractor.Rd:19: Lost braces in \itemize; meant \describe ?
Flavors: r-devel-linux-x86_64-debian-clang, r-devel-linux-x86_64-debian-gcc, r-devel-linux-x86_64-fedora-clang, r-devel-linux-x86_64-fedora-gcc, r-devel-windows-x86_64, r-patched-linux-x86_64, r-release-linux-x86_64, r-release-macos-arm64, r-release-macos-x86_64, r-release-windows-x86_64, r-oldrel-macos-arm64, r-oldrel-macos-x86_64, r-oldrel-windows-x86_64