Last updated on 2025-02-20 01:50:28 CET.
Flavor | Version | Tinstall | Tcheck | Ttotal | Status | Flags |
---|---|---|---|---|---|---|
r-devel-linux-x86_64-debian-clang | 1.0.0 | 7.70 | 66.37 | 74.07 | OK | |
r-devel-linux-x86_64-debian-gcc | 1.0.0 | 5.11 | 47.89 | 53.00 | OK | |
r-devel-linux-x86_64-fedora-clang | 1.0.0 | 114.58 | OK | |||
r-devel-linux-x86_64-fedora-gcc | 1.0.0 | 111.75 | OK | |||
r-devel-macos-arm64 | 1.0.0 | 40.00 | OK | |||
r-devel-macos-x86_64 | 1.0.0 | 74.00 | OK | |||
r-devel-windows-x86_64 | 1.0.0 | 8.00 | 80.00 | 88.00 | OK | |
r-patched-linux-x86_64 | 1.0.0 | 7.36 | 61.79 | 69.15 | OK | |
r-release-linux-x86_64 | 1.0.0 | 6.75 | 62.16 | 68.91 | OK | |
r-release-macos-arm64 | 1.0.0 | 36.00 | OK | |||
r-release-macos-x86_64 | 1.0.0 | 57.00 | OK | |||
r-release-windows-x86_64 | 1.0.0 | 8.00 | 3.00 | 11.00 | FAIL | |
r-oldrel-macos-arm64 | 1.0.0 | 46.00 | OK | |||
r-oldrel-macos-x86_64 | 1.0.0 | 76.00 | OK | |||
r-oldrel-windows-x86_64 | 1.0.0 | 11.00 | 92.00 | 103.00 | OK |
Version: 1.0.0
Check: package dependencies
Result: FAIL
Flavor: r-release-windows-x86_64