Last updated on 2025-05-07 01:49:50 CEST.
Flavor | Version | Tinstall | Tcheck | Ttotal | Status | Flags |
---|---|---|---|---|---|---|
r-devel-linux-x86_64-debian-clang | 2.1.0 | 25.99 | 609.27 | 635.26 | NOTE | |
r-devel-linux-x86_64-debian-gcc | 2.1.0 | 19.67 | 365.44 | 385.11 | NOTE | |
r-devel-linux-x86_64-fedora-clang | 2.1.0 | 1100.27 | OK | |||
r-devel-linux-x86_64-fedora-gcc | 2.1.0 | 1054.93 | OK | |||
r-devel-windows-x86_64 | 2.1.0 | 33.00 | 540.00 | 573.00 | OK | |
r-patched-linux-x86_64 | 2.1.0 | 26.96 | 562.62 | 589.58 | OK | |
r-release-linux-x86_64 | 2.1.0 | 26.77 | 571.37 | 598.14 | OK | |
r-release-macos-arm64 | 2.1.0 | 235.00 | OK | |||
r-release-macos-x86_64 | 2.1.0 | 524.00 | OK | |||
r-release-windows-x86_64 | 2.1.0 | 33.00 | 533.00 | 566.00 | OK | |
r-oldrel-macos-arm64 | 2.1.0 | 214.00 | OK | |||
r-oldrel-macos-x86_64 | 2.1.0 | 349.00 | OK | |||
r-oldrel-windows-x86_64 | 2.1.0 | 39.00 | 730.00 | 769.00 | OK |
Version: 2.1.0
Check: CRAN incoming feasibility
Result: NOTE
Maintainer: ‘Gianmarco Vacca <gianmarco.vacca@unicatt.it>’
No Authors@R field in DESCRIPTION.
Please add one, modifying
Authors@R: c(person(given = "Gianmarco",
family = "Vacca",
role = c("aut", "cre"),
email = "gianmarco.vacca@unicatt.it"),
person(given = "Stefano",
family = "Bertelli",
role = "aut"))
as necessary.
Flavors: r-devel-linux-x86_64-debian-clang, r-devel-linux-x86_64-debian-gcc