CRAN Package Check Results for Package brandwatchR

Last updated on 2025-02-17 01:50:20 CET.

Flavor Version Tinstall Tcheck Ttotal Status Flags
r-devel-linux-x86_64-debian-clang 0.3.0 2.54 22.92 25.46 OK
r-devel-linux-x86_64-debian-gcc 0.3.0 1.87 17.93 19.80 OK
r-devel-linux-x86_64-fedora-clang 0.3.0 41.49 OK
r-devel-linux-x86_64-fedora-gcc 0.3.0 38.98 OK
r-devel-macos-arm64 0.3.0 19.00 OK
r-devel-macos-x86_64 0.3.0 28.00 OK
r-devel-windows-x86_64 0.3.0 4.00 54.00 58.00 OK
r-patched-linux-x86_64 0.3.0 2.91 21.74 24.65 NOTE
r-release-linux-x86_64 0.3.0 2.12 21.68 23.80 NOTE
r-release-macos-arm64 0.3.0 18.00 NOTE
r-release-macos-x86_64 0.3.0 37.00 NOTE
r-release-windows-x86_64 0.3.0 5.00 54.00 59.00 NOTE
r-oldrel-macos-arm64 0.3.0 19.00 NOTE
r-oldrel-macos-x86_64 0.3.0 24.00 NOTE
r-oldrel-windows-x86_64 0.3.0 5.00 50.00 55.00 NOTE

Check Details

Version: 0.3.0
Check: LazyData
Result: NOTE 'LazyData' is specified without a 'data' directory Flavors: r-patched-linux-x86_64, r-release-linux-x86_64, r-release-macos-arm64, r-release-macos-x86_64, r-release-windows-x86_64, r-oldrel-macos-arm64, r-oldrel-macos-x86_64, r-oldrel-windows-x86_64