Last updated on 2025-11-01 01:50:27 CET.
| Flavor | Version | Tinstall | Tcheck | Ttotal | Status | Flags |
|---|---|---|---|---|---|---|
| r-devel-linux-x86_64-debian-clang | 4.8.4 | 30.93 | 618.27 | 649.20 | NOTE | |
| r-devel-linux-x86_64-debian-gcc | 4.8.4 | 23.54 | 403.55 | 427.09 | NOTE | |
| r-devel-linux-x86_64-fedora-clang | 4.8.4 | 136.00 | 979.04 | 1115.04 | OK | |
| r-devel-linux-x86_64-fedora-gcc | 4.8.4 | 231.00 | 871.60 | 1102.60 | OK | |
| r-devel-windows-x86_64 | 4.8.4 | 35.00 | 592.00 | 627.00 | OK | |
| r-patched-linux-x86_64 | 4.8.4 | 30.61 | 598.54 | 629.15 | OK | |
| r-release-linux-x86_64 | 4.8.4 | 30.77 | 591.74 | 622.51 | OK | |
| r-release-macos-arm64 | 4.8.4 | 16.00 | 256.00 | 272.00 | OK | |
| r-release-macos-x86_64 | 4.8.4 | 27.00 | 505.00 | 532.00 | OK | |
| r-release-windows-x86_64 | 4.8.4 | 35.00 | 584.00 | 619.00 | OK | |
| r-oldrel-macos-arm64 | 4.8.4 | 16.00 | 252.00 | 268.00 | OK | |
| r-oldrel-macos-x86_64 | 4.8.4 | 23.00 | 527.00 | 550.00 | OK | |
| r-oldrel-windows-x86_64 | 4.8.4 | 46.00 | 753.00 | 799.00 | OK |
Version: 4.8.4
Check: CRAN incoming feasibility
Result: NOTE
Maintainer: ‘Amy D Willis <adwillis@uw.edu>’
The Description field contains
<doi:10.1111/rssc.12206>, and Willis (2016) <arXiv:1604.02598>, as well
Please refer to arXiv e-prints via their arXiv DOI <doi:10.48550/arXiv.YYMM.NNNNN>.
Flavors: r-devel-linux-x86_64-debian-clang, r-devel-linux-x86_64-debian-gcc