CRAN Package Check Results for Package briKmeans

Last updated on 2025-05-05 01:50:42 CEST.

Flavor Version Tinstall Tcheck Ttotal Status Flags
r-devel-linux-x86_64-debian-clang 1.0 4.96 41.98 46.94 NOTE
r-devel-linux-x86_64-debian-gcc 1.0 3.67 29.10 32.77 NOTE
r-devel-linux-x86_64-fedora-clang 1.0 77.17 OK
r-devel-linux-x86_64-fedora-gcc 1.0 71.39 OK
r-devel-windows-x86_64 1.0 6.00 57.00 63.00 OK
r-patched-linux-x86_64 1.0 5.48 40.09 45.57 OK
r-release-linux-x86_64 1.0 4.36 38.84 43.20 OK
r-release-macos-arm64 1.0 25.00 OK
r-release-macos-x86_64 1.0 58.00 OK
r-release-windows-x86_64 1.0 5.00 57.00 62.00 OK
r-oldrel-macos-arm64 1.0 23.00 OK
r-oldrel-macos-x86_64 1.0 35.00 OK
r-oldrel-windows-x86_64 1.0 8.00 67.00 75.00 OK

Check Details

Version: 1.0
Check: CRAN incoming feasibility
Result: NOTE Maintainer: ‘Aurora Torrente <etorrent@est-econ.uc3m.es>’ No Authors@R field in DESCRIPTION. Please add one, modifying Authors@R: c(person(given = c("Javier", "Albert"), family = "Smet", role = "aut", email = "javas@kth.se"), person(given = c("Aurora", "Torrente.", "Alice"), family = "Parodi", role = "aut", email = "etorrent@est-econ.uc3m.es"), person(given = "Mirco", family = "Patriarca", role = "aut"), person(given = "Laura", family = "Sangalli", role = "aut"), person(given = "Piercesare", family = "Secchi", role = "aut"), person(given = "Simone", family = "Vantini", role = "aut"), person(given = "Valeria", family = "Vitelli", role = "aut"), person(given = "as", family = "contributors.", role = "aut"), person(given = "Aurora", family = "Torrente", role = "cre", email = "etorrent@est-econ.uc3m.es")) as necessary. Flavors: r-devel-linux-x86_64-debian-clang, r-devel-linux-x86_64-debian-gcc