CRAN Package Check Results for Package bsts

Last updated on 2025-05-01 01:49:26 CEST.

Flavor Version Tinstall Tcheck Ttotal Status Flags
r-devel-linux-x86_64-debian-clang 0.9.10 90.59 99.93 190.52 NOTE
r-devel-linux-x86_64-debian-gcc 0.9.10 72.38 71.23 143.61 NOTE
r-devel-linux-x86_64-fedora-clang 0.9.10 355.05 NOTE
r-devel-linux-x86_64-fedora-gcc 0.9.10 362.51 NOTE
r-devel-windows-x86_64 0.9.10 114.00 223.00 337.00 NOTE
r-patched-linux-x86_64 0.9.10 101.11 96.31 197.42 NOTE
r-release-linux-x86_64 0.9.10 100.97 96.36 197.33 NOTE
r-release-macos-arm64 0.9.10 92.00 NOTE
r-release-macos-x86_64 0.9.10 159.00 NOTE
r-release-windows-x86_64 0.9.10 116.00 226.00 342.00 NOTE
r-oldrel-macos-arm64 0.9.10 82.00 NOTE
r-oldrel-macos-x86_64 0.9.10 123.00 NOTE
r-oldrel-windows-x86_64 0.9.10 130.00 210.00 340.00 NOTE

Additional issues

rchk

Check Details

Version: 0.9.10
Check: CRAN incoming feasibility
Result: NOTE Maintainer: ‘Steven L. Scott <steve.the.bayesian@gmail.com>’ No Authors@R field in DESCRIPTION. Please add one, modifying Authors@R: person(given = c("Steven", "L."), family = "Scott", role = c("aut", "cre"), email = "steve.the.bayesian@gmail.com") as necessary. Flavors: r-devel-linux-x86_64-debian-clang, r-devel-linux-x86_64-debian-gcc

Version: 0.9.10
Check: Rd cross-references
Result: NOTE Found the following Rd file(s) with Rd \link{} targets missing package anchors: add.dynamic.regression.Rd: SdPrior add.monthly.annual.cycle.Rd: zoo bsts.Rd: zoo descriptive-plots.Rd: zoo, yearmon mbsts.Rd: SpikeSlabPrior plot.bsts.mixed.Rd: TimeSeriesBoxplot to.posixt.Rd: yearmon wide.to.long.Rd: zoo Please provide package anchors for all Rd \link{} targets not in the package itself and the base packages. Flavors: r-devel-linux-x86_64-debian-clang, r-devel-linux-x86_64-debian-gcc, r-devel-windows-x86_64, r-patched-linux-x86_64, r-release-linux-x86_64, r-release-windows-x86_64

Version: 0.9.10
Check: compiled code
Result: NOTE File ‘bsts/libs/bsts.so’: Found non-API call to R: ‘Rf_isFrame’ Compiled code should not call non-API entry points in R. See ‘Writing portable packages’ in the ‘Writing R Extensions’ manual, and section ‘Moving into C API compliance’ for issues with the use of non-API entry points. Flavors: r-devel-linux-x86_64-debian-clang, r-devel-linux-x86_64-debian-gcc, r-devel-linux-x86_64-fedora-clang, r-devel-linux-x86_64-fedora-gcc, r-patched-linux-x86_64, r-release-linux-x86_64, r-release-macos-arm64, r-release-macos-x86_64

Version: 0.9.10
Check: examples
Result: NOTE Examples with CPU (user + system) or elapsed time > 5s user system elapsed add.monthly.annual.cycle 4.428 0.023 5.834 Flavor: r-devel-linux-x86_64-debian-clang

Version: 0.9.10
Check: compiled code
Result: NOTE File 'bsts/libs/x64/bsts.dll': Found non-API call to R: 'Rf_isFrame' Compiled code should not call non-API entry points in R. See 'Writing portable packages' in the 'Writing R Extensions' manual, and section 'Moving into C API compliance' for issues with the use of non-API entry points. Flavors: r-devel-windows-x86_64, r-release-windows-x86_64

Version: 0.9.10
Check: installed package size
Result: NOTE installed size is 110.8Mb sub-directories of 1Mb or more: libs 109.9Mb Flavors: r-oldrel-macos-arm64, r-oldrel-macos-x86_64, r-oldrel-windows-x86_64