Last updated on 2025-04-30 01:50:14 CEST.
Flavor | Version | Tinstall | Tcheck | Ttotal | Status | Flags |
---|---|---|---|---|---|---|
r-devel-linux-x86_64-debian-clang | 2.11 | 12.71 | 147.45 | 160.16 | NOTE | |
r-devel-linux-x86_64-debian-gcc | 2.11 | 8.78 | 104.83 | 113.61 | OK | |
r-devel-linux-x86_64-fedora-clang | 2.11 | 266.81 | OK | |||
r-devel-linux-x86_64-fedora-gcc | 2.11 | 270.90 | OK | |||
r-devel-windows-x86_64 | 2.11 | 13.00 | 151.00 | 164.00 | OK | |
r-patched-linux-x86_64 | 2.11 | 9.97 | 145.83 | 155.80 | OK | |
r-release-linux-x86_64 | 2.11 | 11.90 | 145.08 | 156.98 | OK | |
r-release-macos-arm64 | 2.11 | 107.00 | OK | |||
r-release-macos-x86_64 | 2.11 | 176.00 | OK | |||
r-release-windows-x86_64 | 2.11 | 12.00 | 151.00 | 163.00 | OK | |
r-oldrel-macos-arm64 | 2.11 | 92.00 | OK | |||
r-oldrel-macos-x86_64 | 2.11 | 213.00 | OK | |||
r-oldrel-windows-x86_64 | 2.11 | 15.00 | 203.00 | 218.00 | OK |
Version: 2.11
Check: examples
Result: NOTE
Examples with CPU (user + system) or elapsed time > 5s
user system elapsed
buildmer 4.995 0.034 6.572
Flavor: r-devel-linux-x86_64-debian-clang