Last updated on 2025-05-02 01:51:51 CEST.
Flavor | Version | Tinstall | Tcheck | Ttotal | Status | Flags |
---|---|---|---|---|---|---|
r-devel-linux-x86_64-debian-clang | 0.2-11 | 14.75 | 133.54 | 148.29 | NOTE | |
r-devel-linux-x86_64-debian-gcc | 0.2-11 | 12.24 | 93.40 | 105.64 | NOTE | |
r-devel-linux-x86_64-fedora-clang | 0.2-11 | 224.00 | OK | |||
r-devel-linux-x86_64-fedora-gcc | 0.2-11 | 222.34 | OK | |||
r-devel-windows-x86_64 | 0.2-11 | 18.00 | 142.00 | 160.00 | OK | |
r-patched-linux-x86_64 | 0.2-11 | 13.49 | 128.89 | 142.38 | OK | |
r-release-linux-x86_64 | OK | |||||
r-release-macos-arm64 | 0.2-11 | 79.00 | OK | |||
r-release-macos-x86_64 | 0.2-11 | 199.00 | OK | |||
r-release-windows-x86_64 | 0.2-11 | 18.00 | 150.00 | 168.00 | OK | |
r-oldrel-macos-arm64 | 0.2-11 | 66.00 | OK | |||
r-oldrel-macos-x86_64 | 0.2-11 | 94.00 | OK | |||
r-oldrel-windows-x86_64 | 0.2-11 | 22.00 | 179.00 | 201.00 | OK |
Version: 0.2-11
Check: CRAN incoming feasibility
Result: NOTE
Maintainer: ‘Zhu Wang <zwang145@uthsc.edu>’
No Authors@R field in DESCRIPTION.
Please add one, modifying
Authors@R: c(person(given = "Zhu",
family = "Wang",
role = c("aut", "cre"),
email = "https://orcid.org/0000-0002-0773-0052"),
person(family = "others",
role = "aut",
comment = "see COPYRIGHTS"))
as necessary.
Flavors: r-devel-linux-x86_64-debian-clang, r-devel-linux-x86_64-debian-gcc