Last updated on 2024-05-21 02:01:56 CEST.
Flavor | Version | Tinstall | Tcheck | Ttotal | Status | Flags |
---|---|---|---|---|---|---|
r-devel-linux-x86_64-debian-clang | 0.1.0 | 5.55 | 53.99 | 59.54 | OK | |
r-devel-linux-x86_64-debian-gcc | 0.1.0 | 5.04 | 40.90 | 45.94 | OK | |
r-devel-linux-x86_64-fedora-clang | 0.1.0 | 85.06 | NOTE | |||
r-devel-linux-x86_64-fedora-gcc | 0.1.0 | 84.55 | NOTE | |||
r-devel-windows-x86_64 | 0.1.0 | 6.00 | 62.00 | 68.00 | OK | |
r-patched-linux-x86_64 | 0.1.0 | 4.12 | 51.26 | 55.38 | OK | |
r-release-linux-x86_64 | 0.1.0 | 3.55 | 52.05 | 55.60 | OK | |
r-release-macos-arm64 | 0.1.0 | 31.00 | OK | |||
r-release-windows-x86_64 | 0.1.0 | 6.00 | 63.00 | 69.00 | OK | |
r-oldrel-macos-arm64 | 0.1.0 | 31.00 | OK | |||
r-oldrel-macos-x86_64 | 0.1.0 | 44.00 | OK | |||
r-oldrel-windows-x86_64 | 0.1.0 | 8.00 | 73.00 | 81.00 | OK |
Version: 0.1.0
Check: dependencies in R code
Result: NOTE
Namespaces in Imports field not imported from:
‘Hmisc’ ‘magrittr’ ‘rmarkdown’
All declared Imports should be used.
Flavors: r-devel-linux-x86_64-fedora-clang, r-devel-linux-x86_64-fedora-gcc