Last updated on 2025-05-01 01:49:26 CEST.
Flavor | Version | Tinstall | Tcheck | Ttotal | Status | Flags |
---|---|---|---|---|---|---|
r-devel-linux-x86_64-debian-clang | 0.3.5 | 3.57 | 113.35 | 116.92 | NOTE | |
r-devel-linux-x86_64-debian-gcc | 0.3.5 | 2.39 | 79.44 | 81.83 | OK | |
r-devel-linux-x86_64-fedora-clang | 0.3.5 | 193.59 | OK | |||
r-devel-linux-x86_64-fedora-gcc | 0.3.5 | 209.94 | OK | |||
r-devel-windows-x86_64 | 0.3.5 | 5.00 | 136.00 | 141.00 | OK | |
r-patched-linux-x86_64 | 0.3.5 | 5.23 | 106.35 | 111.58 | OK | |
r-release-linux-x86_64 | 0.3.5 | 3.00 | 106.57 | 109.57 | OK | |
r-release-macos-arm64 | 0.3.5 | 138.00 | OK | |||
r-release-macos-x86_64 | 0.3.5 | 131.00 | OK | |||
r-release-windows-x86_64 | 0.3.5 | 5.00 | 137.00 | 142.00 | OK | |
r-oldrel-macos-arm64 | 0.3.5 | 64.00 | OK | |||
r-oldrel-macos-x86_64 | 0.3.5 | 110.00 | OK | |||
r-oldrel-windows-x86_64 | 0.3.5 | 6.00 | 175.00 | 181.00 | OK |
Version: 0.3.5
Check: examples
Result: NOTE
Examples with CPU (user + system) or elapsed time > 5s
user system elapsed
axe-ipred 10.516 0.178 16.694
axe-ksvm 7.222 0.029 11.343
axe-rda 4.740 0.000 7.482
axe-C5.0 3.701 0.188 5.651
Flavor: r-devel-linux-x86_64-debian-clang
Version: 0.3.5
Check: examples
Result: NA
user system elapsed
axe-ipred 5.721 0.254 7.014
axe-ksvm 4.583 0.126 5.337
OK
Flavor: r-devel-linux-x86_64-debian-gcc