CRAN Package Check Results for Package bwd

Last updated on 2025-05-09 01:50:00 CEST.

Flavor Version Tinstall Tcheck Ttotal Status Flags
r-devel-linux-x86_64-debian-clang 0.1.0 2.40 18.11 20.51 NOTE
r-devel-linux-x86_64-debian-gcc 0.1.0 2.04 14.51 16.55 NOTE
r-devel-linux-x86_64-fedora-clang 0.1.0 33.22 OK
r-devel-linux-x86_64-fedora-gcc 0.1.0 30.80 OK
r-devel-windows-x86_64 0.1.0 5.00 43.00 48.00 OK
r-patched-linux-x86_64 0.1.0 2.57 17.68 20.25 OK
r-release-linux-x86_64 0.1.0 2.50 17.71 20.21 OK
r-release-macos-arm64 0.1.0 20.00 OK
r-release-macos-x86_64 0.1.0 27.00 OK
r-release-windows-x86_64 0.1.0 6.00 45.00 51.00 OK
r-oldrel-macos-arm64 0.1.0 23.00 NOTE
r-oldrel-macos-x86_64 0.1.0 23.00 NOTE
r-oldrel-windows-x86_64 0.1.0 5.00 42.00 47.00 NOTE

Check Details

Version: 0.1.0
Check: CRAN incoming feasibility
Result: NOTE Maintainer: ‘Seung Jun Shin <sjshin@korea.ac.kr>’ The Description field contains detection proposed by Shin et al. <arXiv:1812.10107>. The backward Please refer to arXiv e-prints via their arXiv DOI <doi:10.48550/arXiv.YYMM.NNNNN>. Flavors: r-devel-linux-x86_64-debian-clang, r-devel-linux-x86_64-debian-gcc

Version: 0.1.0
Check: LazyData
Result: NOTE 'LazyData' is specified without a 'data' directory Flavors: r-oldrel-macos-arm64, r-oldrel-macos-x86_64, r-oldrel-windows-x86_64