Last updated on 2025-05-05 01:50:42 CEST.
Flavor | Version | Tinstall | Tcheck | Ttotal | Status | Flags |
---|---|---|---|---|---|---|
r-devel-linux-x86_64-debian-clang | 0.6.1 | 5.91 | 208.16 | 214.07 | NOTE | |
r-devel-linux-x86_64-debian-gcc | 0.6.1 | 4.61 | 131.49 | 136.10 | OK | |
r-devel-linux-x86_64-fedora-clang | 0.6.1 | 301.04 | OK | |||
r-devel-linux-x86_64-fedora-gcc | 0.6.1 | 289.57 | OK | |||
r-devel-windows-x86_64 | 0.6.1 | 8.00 | 167.00 | 175.00 | OK | |
r-patched-linux-x86_64 | 0.6.1 | 7.47 | 175.35 | 182.82 | OK | |
r-release-linux-x86_64 | 0.6.1 | 7.11 | 174.80 | 181.91 | OK | |
r-release-macos-arm64 | 0.6.1 | 110.00 | OK | |||
r-release-macos-x86_64 | 0.6.1 | 334.00 | OK | |||
r-release-windows-x86_64 | 0.6.1 | 10.00 | 169.00 | 179.00 | OK | |
r-oldrel-macos-arm64 | 0.6.1 | 91.00 | OK | |||
r-oldrel-macos-x86_64 | 0.6.1 | 126.00 | OK | |||
r-oldrel-windows-x86_64 | 0.6.1 | 12.00 | 216.00 | 228.00 | OK |
Version: 0.6.1
Check: examples
Result: NOTE
Examples with CPU time > 2.5 times elapsed time
user system elapsed ratio
fit_model 3.049 0.135 1.171 2.719
Flavor: r-devel-linux-x86_64-debian-clang