Last updated on 2025-05-05 01:50:42 CEST.
Flavor | Version | Tinstall | Tcheck | Ttotal | Status | Flags |
---|---|---|---|---|---|---|
r-devel-linux-x86_64-debian-clang | 1.5-0 | 11.40 | 54.79 | 66.19 | OK | |
r-devel-linux-x86_64-debian-gcc | 1.5-0 | 8.82 | 41.09 | 49.91 | OK | |
r-devel-linux-x86_64-fedora-clang | 1.5-0 | 103.18 | OK | |||
r-devel-linux-x86_64-fedora-gcc | 1.5-0 | 104.57 | WARN | |||
r-devel-windows-x86_64 | 1.5-0 | 22.00 | 78.00 | 100.00 | OK | |
r-patched-linux-x86_64 | 1.5-0 | 12.32 | 51.94 | 64.26 | OK | |
r-release-linux-x86_64 | 1.5-0 | 11.50 | 51.20 | 62.70 | OK | |
r-release-macos-arm64 | 1.5-0 | 37.00 | OK | |||
r-release-macos-x86_64 | 1.5-0 | 60.00 | OK | |||
r-release-windows-x86_64 | 1.5-0 | 22.00 | 78.00 | 100.00 | OK | |
r-oldrel-macos-arm64 | 1.5-0 | 41.00 | OK | |||
r-oldrel-macos-x86_64 | 1.5-0 | 70.00 | OK | |||
r-oldrel-windows-x86_64 | 1.5-0 | 23.00 | 97.00 | 120.00 | OK |
Version: 1.5-0
Check: whether package can be installed
Result: WARN
Found the following significant warnings:
invcarto.c:444:29: warning: argument 1 range [18446744056529682432, 18446744073709551608] exceeds maximum object size 9223372036854775807 [-Walloc-size-larger-than=]
See ‘/data/gannet/ripley/R/packages/tests-devel/cartogramR.Rcheck/00install.out’ for details.
* used C compiler: ‘gcc-15 (GCC) 15.1.0’
Flavor: r-devel-linux-x86_64-fedora-gcc