Last updated on 2024-05-21 02:01:57 CEST.
Flavor | Version | Tinstall | Tcheck | Ttotal | Status | Flags |
---|---|---|---|---|---|---|
r-devel-linux-x86_64-debian-clang | 0.9.4 | 6.95 | 108.60 | 115.55 | OK | |
r-devel-linux-x86_64-debian-gcc | 0.9.4 | 3.76 | 74.26 | 78.02 | OK | |
r-devel-linux-x86_64-fedora-clang | 0.9.4 | 143.27 | NOTE | |||
r-devel-linux-x86_64-fedora-gcc | 0.9.4 | 134.58 | OK | |||
r-devel-windows-x86_64 | 0.9.4 | 5.00 | 102.00 | 107.00 | NOTE | |
r-patched-linux-x86_64 | 0.9.4 | 5.16 | 96.39 | 101.55 | OK | |
r-release-linux-x86_64 | 0.9.4 | 6.42 | 104.65 | 111.07 | OK | |
r-release-macos-arm64 | 0.9.4 | 59.00 | NOTE | |||
r-release-macos-x86_64 | 0.9.4 | 132.00 | NOTE | |||
r-release-windows-x86_64 | 0.9.4 | 6.00 | 100.00 | 106.00 | NOTE | |
r-oldrel-macos-arm64 | 0.9.4 | 64.00 | NOTE | |||
r-oldrel-macos-x86_64 | 0.9.4 | 98.00 | NOTE | |||
r-oldrel-windows-x86_64 | 0.9.4 | 7.00 | 121.00 | 128.00 | NOTE |
Version: 0.9.4
Check: installed package size
Result: NOTE
installed size is 20.3Mb
sub-directories of 1Mb or more:
doc 19.9Mb
Flavors: r-devel-linux-x86_64-fedora-clang, r-devel-windows-x86_64, r-release-macos-arm64, r-release-macos-x86_64, r-release-windows-x86_64, r-oldrel-macos-arm64, r-oldrel-macos-x86_64, r-oldrel-windows-x86_64