Last updated on 2025-05-01 01:49:26 CEST.
Flavor | Version | Tinstall | Tcheck | Ttotal | Status | Flags |
---|---|---|---|---|---|---|
r-devel-linux-x86_64-debian-clang | 1.0.3 | 7.63 | 180.80 | 188.43 | NOTE | |
r-devel-linux-x86_64-debian-gcc | 1.0.3 | 5.51 | 126.13 | 131.64 | OK | |
r-devel-linux-x86_64-fedora-clang | 1.0.3 | 301.75 | OK | |||
r-devel-linux-x86_64-fedora-gcc | 1.0.3 | 311.14 | OK | |||
r-devel-windows-x86_64 | 1.0.3 | 13.00 | 221.00 | 234.00 | OK | |
r-patched-linux-x86_64 | 1.0.3 | 8.21 | 177.70 | 185.91 | OK | |
r-release-linux-x86_64 | 1.0.3 | 7.51 | 176.40 | 183.91 | OK | |
r-release-macos-arm64 | 1.0.3 | 113.00 | OK | |||
r-release-macos-x86_64 | 1.0.3 | 211.00 | OK | |||
r-release-windows-x86_64 | 1.0.3 | 14.00 | 226.00 | 240.00 | OK | |
r-oldrel-macos-arm64 | 1.0.3 | 92.00 | OK | |||
r-oldrel-macos-x86_64 | 1.0.3 | 165.00 | OK | |||
r-oldrel-windows-x86_64 | 1.0.3 | 16.00 | 260.00 | 276.00 | OK |
Version: 1.0.3
Check: examples
Result: NOTE
Examples with CPU (user + system) or elapsed time > 5s
user system elapsed
hdi.ancestralCauchy 6.966 0.007 8.509
Flavor: r-devel-linux-x86_64-debian-clang
Version: 1.0.3
Check: examples
Result: NA
user system elapsed
hdi.ancestralCauchy 5.616 0.026 8.23
OK
Flavor: r-devel-linux-x86_64-debian-gcc