Last updated on 2024-05-21 02:01:57 CEST.
Flavor | Version | Tinstall | Tcheck | Ttotal | Status | Flags |
---|---|---|---|---|---|---|
r-devel-linux-x86_64-debian-clang | 0.9.1 | 9.90 | 85.48 | 95.38 | NOTE | |
r-devel-linux-x86_64-debian-gcc | 0.9.1 | 8.10 | 62.16 | 70.26 | NOTE | |
r-devel-linux-x86_64-fedora-clang | 0.9.1 | 132.99 | NOTE | |||
r-devel-linux-x86_64-fedora-gcc | 0.9.1 | 108.98 | NOTE | |||
r-devel-windows-x86_64 | 0.9.1 | 10.00 | 81.00 | 91.00 | NOTE | |
r-patched-linux-x86_64 | 0.9.1 | 6.64 | 77.66 | 84.30 | NOTE | |
r-release-linux-x86_64 | 0.9.1 | 10.37 | 79.66 | 90.03 | NOTE | |
r-release-macos-arm64 | 0.9.1 | 34.00 | NOTE | |||
r-release-macos-x86_64 | 0.9.1 | 61.00 | NOTE | |||
r-release-windows-x86_64 | 0.9.1 | 11.00 | 79.00 | 90.00 | NOTE | |
r-oldrel-macos-arm64 | 0.9.1 | 37.00 | NOTE | |||
r-oldrel-macos-x86_64 | 0.9.1 | 55.00 | NOTE | |||
r-oldrel-windows-x86_64 | 0.9.1 | 12.00 | 91.00 | 103.00 | NOTE |
Version: 0.9.1
Check: Rd files
Result: NOTE
checkRd: (-1) tpcExample.Rd:30: Escaped LaTeX specials: \&
Flavors: r-devel-linux-x86_64-debian-clang, r-devel-linux-x86_64-debian-gcc, r-devel-linux-x86_64-fedora-clang, r-devel-linux-x86_64-fedora-gcc, r-devel-windows-x86_64, r-patched-linux-x86_64, r-release-linux-x86_64, r-release-macos-arm64, r-release-macos-x86_64, r-release-windows-x86_64, r-oldrel-macos-arm64, r-oldrel-macos-x86_64, r-oldrel-windows-x86_64
Version: 0.9.1
Check: Rd cross-references
Result: NOTE
Undeclared package ‘graph’ in Rd xrefs
Flavor: r-devel-linux-x86_64-fedora-clang