Last updated on 2025-05-09 01:50:00 CEST.
Flavor | Version | Tinstall | Tcheck | Ttotal | Status | Flags |
---|---|---|---|---|---|---|
r-devel-linux-x86_64-debian-clang | 0.3-1 | 30.48 | 75.64 | 106.12 | NOTE | |
r-devel-linux-x86_64-debian-gcc | 0.3-1 | 17.48 | 61.28 | 78.76 | NOTE | |
r-devel-linux-x86_64-fedora-clang | 0.3-1 | 165.53 | OK | |||
r-devel-linux-x86_64-fedora-gcc | 0.3-1 | 172.39 | OK | |||
r-devel-windows-x86_64 | 0.3-1 | 31.00 | 194.00 | 225.00 | NOTE | |
r-patched-linux-x86_64 | 0.3-1 | 31.11 | 72.97 | 104.08 | NOTE | |
r-release-linux-x86_64 | 0.3-1 | 30.39 | 73.05 | 103.44 | NOTE | |
r-release-macos-arm64 | 0.3-1 | 70.00 | OK | |||
r-release-macos-x86_64 | 0.3-1 | 119.00 | OK | |||
r-release-windows-x86_64 | 0.3-1 | 31.00 | 192.00 | 223.00 | NOTE | |
r-oldrel-macos-arm64 | 0.3-1 | 56.00 | OK | |||
r-oldrel-macos-x86_64 | 0.3-1 | 133.00 | OK | |||
r-oldrel-windows-x86_64 | 0.3-1 | 42.00 | 176.00 | 218.00 | OK |
Version: 0.3-1
Check: Rd cross-references
Result: NOTE
Found the following Rd file(s) with Rd \link{} targets missing package
anchors:
causalSLSE.Rd: vcovHC.default
extract-causalslse-method.Rd: extract, texreg
extract-slseFit-method.Rd: extract, texreg
predict.Rd: vcovHC.default
summary.Rd: vcovHC.default
Please provide package anchors for all Rd \link{} targets not in the
package itself and the base packages.
Flavors: r-devel-linux-x86_64-debian-clang, r-devel-linux-x86_64-debian-gcc, r-devel-windows-x86_64, r-patched-linux-x86_64, r-release-linux-x86_64, r-release-windows-x86_64