Last updated on 2025-05-19 01:49:48 CEST.
Flavor | Version | Tinstall | Tcheck | Ttotal | Status | Flags |
---|---|---|---|---|---|---|
r-devel-linux-x86_64-debian-clang | 0.3.4 | 59.31 | 58.04 | 117.35 | OK | |
r-devel-linux-x86_64-debian-gcc | 0.3.4 | 37.64 | 46.82 | 84.46 | OK | |
r-devel-linux-x86_64-fedora-clang | 0.3.4 | 199.33 | OK | |||
r-devel-linux-x86_64-fedora-gcc | 0.3.4 | 218.53 | OK | |||
r-devel-windows-x86_64 | 0.3.4 | 61.00 | 128.00 | 189.00 | OK | |
r-patched-linux-x86_64 | 0.3.4 | 51.69 | 58.27 | 109.96 | OK | |
r-release-linux-x86_64 | 0.3.4 | 51.04 | 58.17 | 109.21 | OK | |
r-release-macos-arm64 | 0.3.4 | 73.00 | OK | |||
r-release-macos-x86_64 | 0.3.4 | 196.00 | OK | |||
r-release-windows-x86_64 | 0.3.4 | 58.00 | 119.00 | 177.00 | OK | |
r-oldrel-macos-arm64 | 0.3.4 | 62.00 | NOTE | |||
r-oldrel-macos-x86_64 | 0.3.4 | 139.00 | NOTE | |||
r-oldrel-windows-x86_64 | 0.3.4 | 71.00 | 131.00 | 202.00 | OK |
Version: 0.3.4
Check: installed package size
Result: NOTE
installed size is 5.2Mb
sub-directories of 1Mb or more:
libs 4.9Mb
Flavors: r-oldrel-macos-arm64, r-oldrel-macos-x86_64