Last updated on 2025-05-09 01:50:00 CEST.
Flavor | Version | Tinstall | Tcheck | Ttotal | Status | Flags |
---|---|---|---|---|---|---|
r-devel-linux-x86_64-debian-clang | 1.0.1 | 16.68 | 128.25 | 144.93 | NOTE | |
r-devel-linux-x86_64-debian-gcc | 1.0.1 | 10.24 | 90.18 | 100.42 | NOTE | |
r-devel-linux-x86_64-fedora-clang | 1.0.1 | 203.18 | OK | |||
r-devel-linux-x86_64-fedora-gcc | 1.0.1 | 216.75 | OK | |||
r-devel-windows-x86_64 | 1.0.1 | 16.00 | 122.00 | 138.00 | OK | |
r-patched-linux-x86_64 | 1.0.1 | 13.07 | 115.81 | 128.88 | OK | |
r-release-linux-x86_64 | 1.0.1 | 15.52 | 115.47 | 130.99 | OK | |
r-release-macos-arm64 | 1.0.1 | 65.00 | OK | |||
r-release-macos-x86_64 | 1.0.1 | 114.00 | OK | |||
r-release-windows-x86_64 | 1.0.1 | 17.00 | 118.00 | 135.00 | OK | |
r-oldrel-macos-arm64 | 1.0.1 | 65.00 | OK | |||
r-oldrel-macos-x86_64 | 1.0.1 | 98.00 | OK | |||
r-oldrel-windows-x86_64 | 1.0.1 | 22.00 | 154.00 | 176.00 | OK |
Version: 1.0.1
Check: CRAN incoming feasibility
Result: NOTE
Maintainer: ‘Norm Matloff <normmatloff@gmail.com>’
No Authors@R field in DESCRIPTION.
Please add one, modifying
Authors@R: c(person(given = "Norm",
family = "Matloff",
role = c("aut", "cre"),
email = "normmatloff@gmail.com"),
person(given = "Vincent",
family = "Yang",
role = "aut",
email = "vinyang@ucdavis.edu"),
person(given = "Harrison",
family = "Nguyen",
role = "aut",
email = "hhnguy@ucdavis.edu"))
as necessary.
Flavors: r-devel-linux-x86_64-debian-clang, r-devel-linux-x86_64-debian-gcc