Last updated on 2025-11-23 02:51:16 CET.
| Flavor | Version | Tinstall | Tcheck | Ttotal | Status | Flags |
|---|---|---|---|---|---|---|
| r-devel-linux-x86_64-debian-clang | 1.0.0 | 8.43 | 73.05 | 81.48 | NOTE | |
| r-devel-linux-x86_64-debian-gcc | 1.0.0 | 6.19 | 52.81 | 59.00 | NOTE | |
| r-devel-linux-x86_64-fedora-clang | 1.0.0 | 42.00 | 87.87 | 129.87 | NOTE | |
| r-devel-windows-x86_64 | 1.0.0 | 10.00 | 90.00 | 100.00 | NOTE | |
| r-patched-linux-x86_64 | 1.0.0 | 7.55 | 68.58 | 76.13 | NOTE | |
| r-release-linux-x86_64 | 1.0.0 | 7.86 | 68.75 | 76.61 | NOTE | |
| r-release-macos-arm64 | 1.0.0 | NOTE | ||||
| r-release-macos-x86_64 | 1.0.0 | 7.00 | 57.00 | 64.00 | NOTE | |
| r-release-windows-x86_64 | 1.0.0 | 9.00 | 96.00 | 105.00 | NOTE | |
| r-oldrel-macos-arm64 | 1.0.0 | NOTE | ||||
| r-oldrel-macos-x86_64 | 1.0.0 | 11.00 | 49.00 | 60.00 | NOTE | |
| r-oldrel-windows-x86_64 | 1.0.0 | 12.00 | 103.00 | 115.00 | NOTE |
Version: 1.0.0
Check: CRAN incoming feasibility
Result: NOTE
Maintainer: ‘Mahdi Jalili <m_jalili@farabi.tums.ac.ir>’
No Authors@R field in DESCRIPTION.
Please add one, modifying
Authors@R: person(given = "Mahdi",
family = "Jalili",
role = c("aut", "cre"),
email = "m_jalili@farabi.tums.ac.ir")
as necessary.
Flavors: r-devel-linux-x86_64-debian-clang, r-devel-linux-x86_64-debian-gcc
Version: 1.0.0
Check: Rd files
Result: NOTE
checkRd: (-1) centroid.Rd:22: Lost braces; missing escapes or markup?
22 | Centroid value C_{cen}(v) for node v defined as:
| ^
checkRd: (-1) clusterrank.Rd:23: Lost braces; missing escapes or markup?
23 | where the term f(c_{i}) accounts for the effect of i's local clustering and the term '+1' results from the contribution of \eqn{j}{j} itself. \cr
| ^
Flavors: r-devel-linux-x86_64-debian-clang, r-devel-linux-x86_64-debian-gcc, r-devel-linux-x86_64-fedora-clang, r-devel-windows-x86_64, r-patched-linux-x86_64, r-release-linux-x86_64, r-release-macos-arm64, r-release-macos-x86_64, r-release-windows-x86_64, r-oldrel-macos-arm64, r-oldrel-macos-x86_64, r-oldrel-windows-x86_64