Last updated on 2025-02-20 01:50:29 CET.
Flavor | Version | Tinstall | Tcheck | Ttotal | Status | Flags |
---|---|---|---|---|---|---|
r-devel-linux-x86_64-debian-clang | 4.1.1 | 4.62 | 40.07 | 44.69 | OK | |
r-devel-linux-x86_64-debian-gcc | 4.1.1 | 2.89 | 30.48 | 33.37 | OK | |
r-devel-linux-x86_64-fedora-clang | 4.1.1 | 72.50 | NOTE | |||
r-devel-linux-x86_64-fedora-gcc | 4.1.1 | 84.43 | NOTE | |||
r-devel-macos-arm64 | 4.1.1 | 35.00 | OK | |||
r-devel-macos-x86_64 | 4.1.1 | 101.00 | OK | |||
r-devel-windows-x86_64 | 4.1.1 | 6.00 | 63.00 | 69.00 | OK | |
r-patched-linux-x86_64 | 4.1.1 | 4.65 | 38.47 | 43.12 | OK | |
r-release-linux-x86_64 | 4.1.1 | 3.65 | 38.01 | 41.66 | OK | |
r-release-macos-arm64 | 4.1.1 | 30.00 | OK | |||
r-release-macos-x86_64 | 4.1.1 | 48.00 | OK | |||
r-release-windows-x86_64 | 4.1.1 | 7.00 | 62.00 | 69.00 | OK | |
r-oldrel-macos-arm64 | 4.1.1 | 32.00 | OK | |||
r-oldrel-macos-x86_64 | 4.1.1 | 44.00 | OK | |||
r-oldrel-windows-x86_64 | 4.1.1 | 7.00 | 92.00 | 99.00 | OK |
Version: 4.1.1
Check: dependencies in R code
Result: NOTE
Namespace in Imports field not imported from: ‘htmltools’
All declared Imports should be used.
Flavors: r-devel-linux-x86_64-fedora-clang, r-devel-linux-x86_64-fedora-gcc