Last updated on 2025-02-17 01:50:21 CET.
Flavor | Version | Tinstall | Tcheck | Ttotal | Status | Flags |
---|---|---|---|---|---|---|
r-devel-linux-x86_64-debian-clang | 0.2.3 | 6.24 | 126.56 | 132.80 | OK | |
r-devel-linux-x86_64-debian-gcc | 0.2.3 | 4.52 | 92.68 | 97.20 | OK | |
r-devel-linux-x86_64-fedora-clang | 0.2.3 | 216.96 | OK | |||
r-devel-linux-x86_64-fedora-gcc | 0.2.3 | 214.56 | OK | |||
r-devel-macos-arm64 | 0.2.3 | 4.00 | ERROR | |||
r-devel-macos-x86_64 | 0.2.3 | 8.00 | ERROR | |||
r-devel-windows-x86_64 | 0.2.3 | 10.00 | 127.00 | 137.00 | OK | |
r-patched-linux-x86_64 | 0.2.3 | 6.29 | 117.24 | 123.53 | OK | |
r-release-linux-x86_64 | 0.2.3 | 5.22 | 119.29 | 124.51 | OK | |
r-release-macos-arm64 | 0.2.3 | 9.00 | ERROR | |||
r-release-macos-x86_64 | 0.2.3 | 15.00 | ERROR | |||
r-release-windows-x86_64 | 0.2.3 | 10.00 | 134.00 | 144.00 | OK | |
r-oldrel-macos-arm64 | 0.2.3 | 6.00 | ERROR | |||
r-oldrel-macos-x86_64 | 0.2.3 | 11.00 | ERROR | |||
r-oldrel-windows-x86_64 | 0.2.3 | 12.00 | 187.00 | 199.00 | OK |
Version: 0.2.3
Check: package dependencies
Result: ERROR
Packages required but not available:
'ChIPseeker', 'TxDb.Hsapiens.UCSC.hg38.knownGene',
'TxDb.Hsapiens.UCSC.hg19.knownGene',
'TxDb.Mmusculus.UCSC.mm10.knownGene'
See section ‘The DESCRIPTION file’ in the ‘Writing R Extensions’
manual.
Flavors: r-devel-macos-arm64, r-devel-macos-x86_64, r-release-macos-x86_64
Version: 0.2.3
Check: package dependencies
Result: ERROR
Packages required but not available:
'TxDb.Hsapiens.UCSC.hg38.knownGene',
'TxDb.Hsapiens.UCSC.hg19.knownGene',
'TxDb.Mmusculus.UCSC.mm10.knownGene'
See section ‘The DESCRIPTION file’ in the ‘Writing R Extensions’
manual.
Flavor: r-release-macos-arm64
Version: 0.2.3
Check: package dependencies
Result: ERROR
Packages required but not available:
'ChIPseeker', 'TxDb.Hsapiens.UCSC.hg38.knownGene'
See section ‘The DESCRIPTION file’ in the ‘Writing R Extensions’
manual.
Flavor: r-oldrel-macos-arm64
Version: 0.2.3
Check: package dependencies
Result: ERROR
Packages required but not available:
'TxDb.Hsapiens.UCSC.hg38.knownGene',
'TxDb.Mmusculus.UCSC.mm10.knownGene'
See section ‘The DESCRIPTION file’ in the ‘Writing R Extensions’
manual.
Flavor: r-oldrel-macos-x86_64