Last updated on 2025-10-25 01:50:55 CEST.
| Flavor | Version | Tinstall | Tcheck | Ttotal | Status | Flags |
|---|---|---|---|---|---|---|
| r-devel-linux-x86_64-debian-clang | 1.6.1 | 51.59 | 24.05 | 75.64 | OK | |
| r-devel-linux-x86_64-debian-gcc | 1.6.1 | 35.25 | 19.63 | 54.88 | OK | |
| r-devel-linux-x86_64-fedora-clang | 1.6.1 | 86.00 | 54.28 | 140.28 | OK | |
| r-devel-linux-x86_64-fedora-gcc | 1.6.1 | 104.00 | 31.38 | 135.38 | OK | |
| r-devel-windows-x86_64 | 1.6.1 | 70.00 | 63.00 | 133.00 | OK | |
| r-patched-linux-x86_64 | 1.6.1 | 51.54 | 22.78 | 74.32 | OK | |
| r-release-linux-x86_64 | 1.6.1 | 49.70 | 22.92 | 72.62 | OK | |
| r-release-macos-arm64 | 1.6.1 | 24.00 | 17.00 | 41.00 | OK | |
| r-release-macos-x86_64 | 1.6.1 | 32.00 | 35.00 | 67.00 | OK | |
| r-release-windows-x86_64 | 1.6.1 | 68.00 | 66.00 | 134.00 | OK | |
| r-oldrel-macos-arm64 | 1.6.1 | 19.00 | 20.00 | 39.00 | NOTE | |
| r-oldrel-macos-x86_64 | 1.6.1 | 25.00 | 31.00 | 56.00 | NOTE | |
| r-oldrel-windows-x86_64 | 1.6.1 | 66.00 | 82.00 | 148.00 | OK |
Version: 1.6.1
Check: installed package size
Result: NOTE
installed size is 9.4Mb
sub-directories of 1Mb or more:
libs 9.3Mb
Flavors: r-oldrel-macos-arm64, r-oldrel-macos-x86_64