Last updated on 2025-04-30 02:50:34 CEST.
Flavor | Version | Tinstall | Tcheck | Ttotal | Status | Flags |
---|---|---|---|---|---|---|
r-devel-linux-x86_64-debian-clang | 0.1.2 | 4.14 | 141.34 | 145.48 | NOTE | |
r-devel-linux-x86_64-debian-gcc | 0.1.2 | 3.81 | 90.65 | 94.46 | OK | |
r-devel-linux-x86_64-fedora-clang | 0.1.2 | 240.86 | OK | |||
r-devel-linux-x86_64-fedora-gcc | 0.1.2 | 214.77 | OK | |||
r-devel-windows-x86_64 | 0.1.2 | 6.00 | 120.00 | 126.00 | OK | |
r-patched-linux-x86_64 | 0.1.2 | 5.57 | 135.00 | 140.57 | OK | |
r-release-linux-x86_64 | 0.1.2 | 4.76 | 133.78 | 138.54 | OK | |
r-release-macos-arm64 | 0.1.2 | 60.00 | OK | |||
r-release-macos-x86_64 | 0.1.2 | 142.00 | OK | |||
r-release-windows-x86_64 | 0.1.2 | 7.00 | 119.00 | 126.00 | OK | |
r-oldrel-macos-arm64 | 0.1.2 | 59.00 | OK | |||
r-oldrel-macos-x86_64 | 0.1.2 | 101.00 | OK | |||
r-oldrel-windows-x86_64 | 0.1.2 | 8.00 | 158.00 | 166.00 | OK |
Version: 0.1.2
Check: examples
Result: NOTE
Examples with CPU (user + system) or elapsed time > 5s
user system elapsed
inline-markup 4.984 0.016 5.968
cli_ol 3.878 0.028 5.292
Flavor: r-devel-linux-x86_64-debian-clang