Last updated on 2025-05-06 02:50:14 CEST.
Flavor | Version | Tinstall | Tcheck | Ttotal | Status | Flags |
---|---|---|---|---|---|---|
r-devel-linux-x86_64-debian-clang | 1.0-8 | 19.19 | 179.31 | 198.50 | NOTE | |
r-devel-linux-x86_64-debian-gcc | 1.1-0 | 16.92 | 147.91 | 164.83 | OK | |
r-devel-linux-x86_64-fedora-clang | 1.1-0 | 396.88 | OK | |||
r-devel-linux-x86_64-fedora-gcc | 1.1-0 | 395.05 | OK | |||
r-devel-windows-x86_64 | 1.1-0 | 27.00 | 247.00 | 274.00 | OK | |
r-patched-linux-x86_64 | 1.1-0 | 21.80 | 204.54 | 226.34 | OK | |
r-release-linux-x86_64 | 1.1-0 | 23.48 | 205.72 | 229.20 | OK | |
r-release-macos-arm64 | 1.1-0 | 115.00 | OK | |||
r-release-macos-x86_64 | 1.1-0 | 269.00 | OK | |||
r-release-windows-x86_64 | 1.1-0 | 26.00 | 245.00 | 271.00 | OK | |
r-oldrel-macos-arm64 | 1.1-0 | 115.00 | NOTE | |||
r-oldrel-macos-x86_64 | 1.1-0 | 267.00 | NOTE | |||
r-oldrel-windows-x86_64 | 1.1-0 | 32.00 | 316.00 | 348.00 | NOTE |
Version: 1.0-8
Check: CRAN incoming feasibility
Result: NOTE
Maintainer: ‘Robin K. S. Hankin <hankin.robin@gmail.com>’
Package has help file(s) containing later-stage \Sexpr{} expressions
but no 'build/stage23.rdb' file.
Flavor: r-devel-linux-x86_64-debian-clang
Version: 1.0-8
Check: C++ specification
Result: NOTE
Specified C++11: please drop specification unless essential
Flavor: r-devel-linux-x86_64-debian-clang
Version: 1.0-8
Check: DESCRIPTION meta-information
Result: NOTE
Missing dependency on R >= 4.1.0 because package code uses the pipe
|> or function shorthand \(...) syntax added in R 4.1.0.
File(s) using such syntax:
‘horner.Rd’
Flavor: r-devel-linux-x86_64-debian-clang
Version: 1.1-0
Check: installed package size
Result: NOTE
installed size is 7.7Mb
sub-directories of 1Mb or more:
doc 5.2Mb
libs 1.7Mb
Flavors: r-oldrel-macos-arm64, r-oldrel-macos-x86_64, r-oldrel-windows-x86_64