CRAN Package Check Results for Package clttools

Last updated on 2025-05-09 01:50:00 CEST.

Flavor Version Tinstall Tcheck Ttotal Status Flags
r-devel-linux-x86_64-debian-clang 1.3 2.01 21.71 23.72 NOTE
r-devel-linux-x86_64-debian-gcc 1.3 1.96 16.53 18.49 NOTE
r-devel-linux-x86_64-fedora-clang 1.3 39.51 OK
r-devel-linux-x86_64-fedora-gcc 1.3 35.98 OK
r-devel-windows-x86_64 1.3 3.00 43.00 46.00 OK
r-patched-linux-x86_64 1.3 2.80 20.72 23.52 OK
r-release-linux-x86_64 1.3 2.14 20.67 22.81 OK
r-release-macos-arm64 1.3 16.00 OK
r-release-macos-x86_64 1.3 26.00 OK
r-release-windows-x86_64 1.3 4.00 47.00 51.00 OK
r-oldrel-macos-arm64 1.3 18.00 NOTE
r-oldrel-macos-x86_64 1.3 25.00 NOTE
r-oldrel-windows-x86_64 1.3 3.00 43.00 46.00 NOTE

Check Details

Version: 1.3
Check: CRAN incoming feasibility
Result: NOTE Maintainer: ‘Simiao Ye <simiao.ye@gmail.com>’ No Authors@R field in DESCRIPTION. Please add one, modifying Authors@R: c(person(given = "Simiao", family = "Ye", role = c("aut", "cre"), email = "simiao.ye@gmail.com"), person(given = "Jingning", family = "Mei", role = "aut")) as necessary. Flavors: r-devel-linux-x86_64-debian-clang, r-devel-linux-x86_64-debian-gcc

Version: 1.3
Check: LazyData
Result: NOTE 'LazyData' is specified without a 'data' directory Flavors: r-oldrel-macos-arm64, r-oldrel-macos-x86_64, r-oldrel-windows-x86_64