CRAN Package Check Results for Package clusterMI

Last updated on 2025-04-15 01:50:29 CEST.

Flavor Version Tinstall Tcheck Ttotal Status Flags
r-devel-linux-x86_64-debian-clang 1.5 64.01 229.14 293.15 OK
r-devel-linux-x86_64-debian-gcc 1.5 45.94 163.16 209.10 OK
r-devel-linux-x86_64-fedora-clang 1.5 478.07 OK
r-devel-linux-x86_64-fedora-gcc 1.5 388.59 OK
r-devel-windows-x86_64 1.5 66.00 221.00 287.00 OK
r-patched-linux-x86_64 1.5 59.65 216.12 275.77 OK
r-release-linux-x86_64 1.5 58.02 218.89 276.91 OK
r-release-macos-arm64 1.5 121.00 OK
r-release-macos-x86_64 1.5 147.00 OK
r-release-windows-x86_64 1.5 71.00 226.00 297.00 OK
r-oldrel-macos-arm64 1.5 121.00 NOTE
r-oldrel-macos-x86_64 1.5 146.00 NOTE
r-oldrel-windows-x86_64 1.5 87.00 296.00 383.00 OK

Check Details

Version: 1.5
Check: installed package size
Result: NOTE installed size is 5.7Mb sub-directories of 1Mb or more: doc 1.2Mb libs 4.3Mb Flavors: r-oldrel-macos-arm64, r-oldrel-macos-x86_64