Last updated on 2024-05-21 02:01:57 CEST.
Flavor | Version | Tinstall | Tcheck | Ttotal | Status | Flags |
---|---|---|---|---|---|---|
r-devel-linux-x86_64-debian-clang | 0.2.1 | 10.34 | 138.94 | 149.28 | OK | |
r-devel-linux-x86_64-debian-gcc | 0.2.1 | 10.33 | 103.25 | 113.58 | OK | |
r-devel-linux-x86_64-fedora-clang | 0.2.1 | 201.83 | OK | |||
r-devel-linux-x86_64-fedora-gcc | 0.2.1 | 196.23 | OK | |||
r-devel-windows-x86_64 | 0.2.1 | 12.00 | 133.00 | 145.00 | OK | |
r-patched-linux-x86_64 | 0.2.1 | 13.32 | 133.40 | 146.72 | OK | |
r-release-linux-x86_64 | 0.2.1 | 9.84 | 135.84 | 145.68 | OK | |
r-release-macos-arm64 | 0.2.1 | 62.00 | OK | |||
r-release-windows-x86_64 | 0.2.1 | 12.00 | 135.00 | 147.00 | OK | |
r-oldrel-macos-arm64 | 0.2.1 | 73.00 | OK | |||
r-oldrel-macos-x86_64 | 0.2.1 | 109.00 | NOTE | |||
r-oldrel-windows-x86_64 | 0.2.1 | 15.00 | 151.00 | 166.00 | OK |
Version: 0.2.1
Check: re-building of vignette outputs
Result: NOTE
Error(s) in re-building vignettes:
...
--- re-building ‘weight_cause_cox.rnw’ using Sweave
Error: processing vignette 'weight_cause_cox.rnw' failed with diagnostics:
Running 'texi2dvi' on 'weight_cause_cox.tex' failed.
LaTeX errors:
! LaTeX Error: File `pgfplots.sty' not found.
Type X to quit or <RETURN> to proceed,
or enter new name. (Default extension: sty)
! Emergency stop.
<read *>
l.28 \pgfplotsset
{compat=1.10}^^M
! ==> Fatal error occurred, no output PDF file produced!
--- failed re-building ‘weight_cause_cox.rnw’
SUMMARY: processing the following file failed:
‘weight_cause_cox.rnw’
Error: Vignette re-building failed.
Execution halted
Flavor: r-oldrel-macos-x86_64