Last updated on 2024-05-21 02:01:57 CEST.
Flavor | Version | Tinstall | Tcheck | Ttotal | Status | Flags |
---|---|---|---|---|---|---|
r-devel-linux-x86_64-debian-clang | 0.5.5 | 72.34 | 109.09 | 181.43 | OK | |
r-devel-linux-x86_64-debian-gcc | 0.5.5 | 55.50 | 79.70 | 135.20 | OK | |
r-devel-linux-x86_64-fedora-clang | 0.5.5 | 250.83 | NOTE | |||
r-devel-linux-x86_64-fedora-gcc | 0.5.5 | 257.48 | NOTE | |||
r-devel-windows-x86_64 | 0.5.5 | 56.00 | 114.00 | 170.00 | OK | |
r-patched-linux-x86_64 | 0.5.5 | 68.05 | 100.49 | 168.54 | OK | |
r-release-linux-x86_64 | 0.5.5 | 65.84 | 101.56 | 167.40 | OK | |
r-release-macos-arm64 | 0.5.5 | 65.00 | OK | |||
r-release-windows-x86_64 | 0.5.5 | 54.00 | 117.00 | 171.00 | OK | |
r-oldrel-macos-arm64 | 0.5.5 | 78.00 | OK | |||
r-oldrel-macos-x86_64 | 0.5.5 | 153.00 | OK | |||
r-oldrel-windows-x86_64 | 0.5.5 | 69.00 | 136.00 | 205.00 | OK |
Version: 0.5.5
Check: data for non-ASCII characters
Result: NOTE
Note: found 27 marked UTF-8 strings
Flavors: r-devel-linux-x86_64-fedora-clang, r-devel-linux-x86_64-fedora-gcc