Last updated on 2025-02-20 01:50:29 CET.
Flavor | Version | Tinstall | Tcheck | Ttotal | Status | Flags |
---|---|---|---|---|---|---|
r-devel-linux-x86_64-debian-clang | 0.9.3 | 6.73 | 75.07 | 81.80 | NOTE | |
r-devel-linux-x86_64-debian-gcc | 0.9.3 | 0.33 | 1.71 | 2.04 | ERROR | |
r-devel-linux-x86_64-fedora-clang | 0.9.3 | 133.04 | NOTE | |||
r-devel-linux-x86_64-fedora-gcc | 0.9.3 | 122.23 | NOTE | |||
r-devel-macos-arm64 | 0.9.3 | 39.00 | NOTE | |||
r-devel-macos-x86_64 | 0.9.3 | 77.00 | NOTE | |||
r-devel-windows-x86_64 | 0.9.3 | 9.00 | 99.00 | 108.00 | NOTE | |
r-patched-linux-x86_64 | 0.9.3 | 7.10 | 69.07 | 76.17 | NOTE | |
r-release-linux-x86_64 | 0.9.3 | 7.02 | 69.04 | 76.06 | NOTE | |
r-release-macos-arm64 | 0.9.3 | 37.00 | NOTE | |||
r-release-macos-x86_64 | 0.9.3 | 56.00 | NOTE | |||
r-release-windows-x86_64 | 0.9.3 | 10.00 | 3.00 | 13.00 | FAIL | |
r-oldrel-macos-arm64 | 0.9.3 | 39.00 | NOTE | |||
r-oldrel-macos-x86_64 | 0.9.3 | 54.00 | NOTE | |||
r-oldrel-windows-x86_64 | 0.9.3 | 13.00 | 104.00 | 117.00 | NOTE |
Version: 0.9.3
Check: package subdirectories
Result: NOTE
Problems with news in ‘NEWS.md’:
No news entries found.
Flavors: r-devel-linux-x86_64-debian-clang, r-devel-linux-x86_64-fedora-clang, r-devel-linux-x86_64-fedora-gcc, r-devel-macos-arm64, r-devel-macos-x86_64, r-devel-windows-x86_64, r-patched-linux-x86_64, r-release-linux-x86_64, r-release-macos-arm64, r-release-macos-x86_64, r-oldrel-macos-arm64, r-oldrel-macos-x86_64, r-oldrel-windows-x86_64
Version: 0.9.3
Check: package dependencies
Result: ERROR
Package required but not available: ‘Rgraphviz’
See section ‘The DESCRIPTION file’ in the ‘Writing R Extensions’
manual.
Flavor: r-devel-linux-x86_64-debian-gcc
Version: 0.9.3
Check: package dependencies
Result: FAIL
Flavor: r-release-windows-x86_64
Version: 0.9.3
Check: package dependencies
Result: NOTE
Package suggested but not available for checking: ‘car’
Flavor: r-oldrel-macos-x86_64