Last updated on 2025-10-31 01:48:53 CET.
| Flavor | Version | Tinstall | Tcheck | Ttotal | Status | Flags | 
|---|---|---|---|---|---|---|
| r-devel-linux-x86_64-debian-clang | 0.1.9 | 6.35 | 84.27 | 90.62 | OK | |
| r-devel-linux-x86_64-debian-gcc | 0.1.9 | 4.07 | 61.75 | 65.82 | OK | |
| r-devel-linux-x86_64-fedora-clang | 0.1.9 | 11.00 | 117.71 | 128.71 | OK | |
| r-devel-linux-x86_64-fedora-gcc | 0.1.9 | 11.00 | 126.96 | 137.96 | OK | |
| r-devel-windows-x86_64 | 0.1.9 | 9.00 | 83.00 | 92.00 | OK | |
| r-patched-linux-x86_64 | 0.1.9 | 5.81 | 78.30 | 84.11 | OK | |
| r-release-linux-x86_64 | 0.1.9 | 6.05 | 79.30 | 85.35 | OK | |
| r-release-macos-arm64 | 0.1.9 | 3.00 | 47.00 | 50.00 | OK | |
| r-release-macos-x86_64 | 0.1.9 | 5.00 | 63.00 | 68.00 | OK | |
| r-release-windows-x86_64 | 0.1.9 | 9.00 | 85.00 | 94.00 | OK | |
| r-oldrel-macos-arm64 | 0.1.9 | 3.00 | 33.00 | 36.00 | NOTE | |
| r-oldrel-macos-x86_64 | 0.1.9 | 4.00 | 49.00 | 53.00 | NOTE | |
| r-oldrel-windows-x86_64 | 0.1.9 | 12.00 | 105.00 | 117.00 | NOTE | 
Version: 0.1.9
Check: installed package size
Result: NOTE
    installed size is  5.1Mb
    sub-directories of 1Mb or more:
      doc   4.8Mb
Flavors: r-oldrel-macos-arm64, r-oldrel-macos-x86_64, r-oldrel-windows-x86_64