Last updated on 2025-02-17 01:50:21 CET.
Flavor | Version | Tinstall | Tcheck | Ttotal | Status | Flags |
---|---|---|---|---|---|---|
r-devel-linux-x86_64-debian-clang | 1.7-0 | 3.15 | 191.86 | 195.01 | OK | |
r-devel-linux-x86_64-debian-gcc | 1.7-0 | 2.75 | 132.80 | 135.55 | OK | |
r-devel-linux-x86_64-fedora-clang | 1.7-0 | 309.50 | OK | |||
r-devel-linux-x86_64-fedora-gcc | 1.7-0 | 311.27 | OK | |||
r-devel-macos-arm64 | 1.7-0 | 104.00 | OK | |||
r-devel-macos-x86_64 | 1.7-0 | 268.00 | OK | |||
r-devel-windows-x86_64 | 1.7-0 | 7.00 | 309.00 | 316.00 | OK | |
r-patched-linux-x86_64 | 1.7-0 | 6.78 | 181.31 | 188.09 | OK | |
r-release-linux-x86_64 | 1.7-0 | 3.67 | 180.71 | 184.38 | OK | |
r-release-macos-arm64 | 1.7-0 | 118.00 | NOTE | |||
r-release-macos-x86_64 | 1.7-0 | 253.00 | NOTE | |||
r-release-windows-x86_64 | 1.7-0 | 12.00 | 319.00 | 331.00 | NOTE | |
r-oldrel-macos-arm64 | 1.6-0 | 113.00 | NOTE | |||
r-oldrel-macos-x86_64 | 1.7-0 | 244.00 | NOTE | |||
r-oldrel-windows-x86_64 | 1.7-0 | 8.00 | 299.00 | 307.00 | NOTE |
Version: 1.7-0
Check: installed package size
Result: NOTE
installed size is 5.9Mb
sub-directories of 1Mb or more:
doc 2.6Mb
extdata 2.4Mb
Flavors: r-release-macos-arm64, r-release-macos-x86_64, r-release-windows-x86_64, r-oldrel-macos-x86_64, r-oldrel-windows-x86_64
Version: 1.6-0
Check: installed package size
Result: NOTE
installed size is 5.3Mb
sub-directories of 1Mb or more:
doc 2.4Mb
extdata 2.1Mb
Flavor: r-oldrel-macos-arm64