CRAN Package Check Results for Package colorfindr

Last updated on 2025-02-17 01:50:21 CET.

Flavor Version Tinstall Tcheck Ttotal Status Flags
r-devel-linux-x86_64-debian-clang 0.1.4 7.20 57.98 65.18 NOTE
r-devel-linux-x86_64-debian-gcc 0.1.4 4.87 41.47 46.34 NOTE
r-devel-linux-x86_64-fedora-clang 0.1.4 108.04 OK
r-devel-linux-x86_64-fedora-gcc 0.1.4 95.32 OK
r-devel-macos-arm64 0.1.4 33.00 OK
r-devel-macos-x86_64 0.1.4 71.00 OK
r-devel-windows-x86_64 0.1.4 9.00 73.00 82.00 NOTE
r-patched-linux-x86_64 0.1.4 12.08 55.09 67.17 NOTE
r-release-linux-x86_64 0.1.4 5.03 54.64 59.67 NOTE
r-release-macos-arm64 0.1.4 33.00 NOTE
r-release-macos-x86_64 0.1.4 53.00 NOTE
r-release-windows-x86_64 0.1.4 8.00 73.00 81.00 NOTE
r-oldrel-macos-arm64 0.1.4 32.00 NOTE
r-oldrel-macos-x86_64 0.1.4 51.00 NOTE
r-oldrel-windows-x86_64 0.1.4 11.00 89.00 100.00 NOTE

Check Details

Version: 0.1.4
Check: Rd cross-references
Result: NOTE Found the following Rd file(s) with Rd \link{} targets missing package anchors: plot_colors_3d.Rd: plotly Please provide package anchors for all Rd \link{} targets not in the package itself and the base packages. Flavors: r-devel-linux-x86_64-debian-clang, r-devel-linux-x86_64-debian-gcc, r-devel-windows-x86_64

Version: 0.1.4
Check: LazyData
Result: NOTE 'LazyData' is specified without a 'data' directory Flavors: r-patched-linux-x86_64, r-release-linux-x86_64, r-release-macos-arm64, r-release-macos-x86_64, r-release-windows-x86_64, r-oldrel-macos-arm64, r-oldrel-macos-x86_64, r-oldrel-windows-x86_64