Last updated on 2025-05-09 01:50:01 CEST.
Flavor | Version | Tinstall | Tcheck | Ttotal | Status | Flags |
---|---|---|---|---|---|---|
r-devel-linux-x86_64-debian-clang | 0.3.6 | 3.56 | 38.57 | 42.13 | NOTE | |
r-devel-linux-x86_64-debian-gcc | 0.3.6 | 2.86 | 28.22 | 31.08 | NOTE | |
r-devel-linux-x86_64-fedora-clang | 0.3.6 | 63.42 | OK | |||
r-devel-linux-x86_64-fedora-gcc | 0.3.6 | 59.47 | OK | |||
r-devel-windows-x86_64 | 0.3.6 | 5.00 | 56.00 | 61.00 | OK | |
r-patched-linux-x86_64 | 0.3.6 | 3.71 | 35.83 | 39.54 | OK | |
r-release-linux-x86_64 | 0.3.6 | 3.17 | 35.18 | 38.35 | OK | |
r-release-macos-arm64 | 0.3.6 | 28.00 | OK | |||
r-release-macos-x86_64 | 0.3.6 | 40.00 | OK | |||
r-release-windows-x86_64 | 0.3.6 | 5.00 | 57.00 | 62.00 | OK | |
r-oldrel-macos-arm64 | 0.3.6 | 21.00 | OK | |||
r-oldrel-macos-x86_64 | 0.3.6 | 33.00 | OK | |||
r-oldrel-windows-x86_64 | 0.3.6 | 6.00 | 64.00 | 70.00 | OK |
Version: 0.3.6
Check: CRAN incoming feasibility
Result: NOTE
Maintainer: ‘Andrew Heiss <andrew@andrewheiss.com>’
Package CITATION file contains call(s) to old-style personList() or
as.personList(). Please use c() on person objects instead.
Package CITATION file contains call(s) to old-style citEntry(). Please
use bibentry() instead.
Flavors: r-devel-linux-x86_64-debian-clang, r-devel-linux-x86_64-debian-gcc