Last updated on 2025-05-09 01:50:01 CEST.
Flavor | Version | Tinstall | Tcheck | Ttotal | Status | Flags |
---|---|---|---|---|---|---|
r-devel-linux-x86_64-debian-clang | 0.3.9 | 52.83 | 32.72 | 85.55 | NOTE | |
r-devel-linux-x86_64-debian-gcc | 0.3.9 | 40.34 | 25.65 | 65.99 | NOTE | |
r-devel-linux-x86_64-fedora-clang | 0.3.9 | 149.30 | NOTE | |||
r-devel-linux-x86_64-fedora-gcc | 0.3.9 | 175.83 | NOTE | |||
r-devel-windows-x86_64 | 0.3.9 | 60.00 | 78.00 | 138.00 | NOTE | |
r-patched-linux-x86_64 | 0.3.9 | 57.43 | 30.56 | 87.99 | NOTE | |
r-release-linux-x86_64 | 0.3.9 | 57.27 | 30.44 | 87.71 | NOTE | |
r-release-macos-arm64 | 0.3.9 | 39.00 | NOTE | |||
r-release-macos-x86_64 | 0.3.9 | 56.00 | NOTE | |||
r-release-windows-x86_64 | 0.3.9 | 65.00 | 79.00 | 144.00 | NOTE | |
r-oldrel-macos-arm64 | 0.3.9 | 38.00 | NOTE | |||
r-oldrel-macos-x86_64 | 0.3.9 | 52.00 | NOTE | |||
r-oldrel-windows-x86_64 | 0.3.9 | 65.00 | 96.00 | 161.00 | NOTE |
Version: 0.3.9
Check: Rd files
Result: NOTE
checkRd: (-1) colour_values.Rd:143: Lost braces in \itemize; meant \describe ?
checkRd: (-1) colour_values.Rd:144: Lost braces in \itemize; meant \describe ?
checkRd: (-1) colour_values_rgb.Rd:143: Lost braces in \itemize; meant \describe ?
checkRd: (-1) colour_values_rgb.Rd:144: Lost braces in \itemize; meant \describe ?
Flavors: r-devel-linux-x86_64-debian-clang, r-devel-linux-x86_64-debian-gcc, r-devel-linux-x86_64-fedora-clang, r-devel-linux-x86_64-fedora-gcc, r-devel-windows-x86_64, r-patched-linux-x86_64, r-release-linux-x86_64, r-release-macos-arm64, r-release-macos-x86_64, r-release-windows-x86_64, r-oldrel-macos-arm64, r-oldrel-macos-x86_64, r-oldrel-windows-x86_64
Version: 0.3.9
Check: installed package size
Result: NOTE
installed size is 7.0Mb
sub-directories of 1Mb or more:
libs 5.7Mb
Flavors: r-oldrel-macos-arm64, r-oldrel-macos-x86_64