CRAN Package Check Results for Package compute.es

Last updated on 2025-05-09 01:50:01 CEST.

Flavor Version Tinstall Tcheck Ttotal Status Flags
r-devel-linux-x86_64-debian-clang 0.2-5 5.37 39.82 45.19 NOTE
r-devel-linux-x86_64-debian-gcc 0.2-5 3.41 28.00 31.41 NOTE
r-devel-linux-x86_64-fedora-clang 0.2-5 68.18 OK
r-devel-linux-x86_64-fedora-gcc 0.2-5 67.32 OK
r-devel-windows-x86_64 0.2-5 6.00 56.00 62.00 OK
r-patched-linux-x86_64 0.2-5 6.51 36.57 43.08 OK
r-release-linux-x86_64 0.2-5 4.92 36.40 41.32 OK
r-release-macos-arm64 0.2-5 21.00 OK
r-release-macos-x86_64 0.2-5 35.00 OK
r-release-windows-x86_64 0.2-5 5.00 59.00 64.00 OK
r-oldrel-macos-arm64 0.2-5 22.00 OK
r-oldrel-macos-x86_64 0.2-5 30.00 OK
r-oldrel-windows-x86_64 0.2-5 6.00 55.00 61.00 OK

Check Details

Version: 0.2-5
Check: CRAN incoming feasibility
Result: NOTE Maintainer: ‘AC Del Re <acdelre@gmail.com>’ No Authors@R field in DESCRIPTION. Please add one, modifying Authors@R: person(given = c("AC", "Del"), family = "Re", role = c("aut", "cre"), email = "acdelre@gmail.com") as necessary. Package CITATION file contains call(s) to old-style personList() or as.personList(). Please use c() on person objects instead. Package CITATION file contains call(s) to old-style citEntry(). Please use bibentry() instead. Flavors: r-devel-linux-x86_64-debian-clang, r-devel-linux-x86_64-debian-gcc