Last updated on 2025-02-18 01:50:39 CET.
Flavor | Version | Tinstall | Tcheck | Ttotal | Status | Flags |
---|---|---|---|---|---|---|
r-devel-linux-x86_64-debian-clang | 1.0-1 | 9.99 | 114.67 | 124.66 | OK | |
r-devel-linux-x86_64-debian-gcc | 1.0-1 | 7.96 | 77.31 | 85.27 | OK | |
r-devel-linux-x86_64-fedora-clang | 1.0-1 | 224.21 | ERROR | |||
r-devel-linux-x86_64-fedora-gcc | 1.0-1 | 197.41 | ERROR | |||
r-devel-macos-arm64 | 1.0-1 | 54.00 | OK | |||
r-devel-macos-x86_64 | 1.0-1 | 124.00 | OK | |||
r-devel-windows-x86_64 | 1.0-1 | 10.00 | 116.00 | 126.00 | OK | |
r-patched-linux-x86_64 | 1.0-1 | 8.70 | 106.21 | 114.91 | OK | |
r-release-linux-x86_64 | 1.0-1 | 9.18 | 105.41 | 114.59 | OK | |
r-release-macos-arm64 | 1.0-1 | 60.00 | OK | |||
r-release-macos-x86_64 | 1.0-1 | 163.00 | OK | |||
r-release-windows-x86_64 | 1.0-1 | 12.00 | 126.00 | 138.00 | OK | |
r-oldrel-macos-arm64 | 1.0-1 | 61.00 | OK | |||
r-oldrel-macos-x86_64 | 1.0-1 | 111.00 | OK | |||
r-oldrel-windows-x86_64 | 1.0-1 | 15.00 | 137.00 | 152.00 | OK |
Version: 1.0-1
Check: examples
Result: ERROR
Running examples in ‘confintROB-Ex.R’ failed
The error most likely occurred in:
> ### Name: confintROB
> ### Title: Confidence Intervals for Robust and Classical Linear Mixed Model
> ### Estimators.
> ### Aliases: confintROB
>
> ### ** Examples
>
> if (require(robustlmm)) {
+ model.RSE <- rlmer(Reaction ~ 1 + Days + (Days|Subject),
+ data = sleepstudy)
+ CI.RSE <- confintROB(model.RSE, level = .95, boot.type = "wild",
+ parm = c(1,2), # indicates that only CIs
+ # for the intercept and Days are asked.
+ nsim = 10) # small nsim for speed, in practice use, e.g., 5000
+ print(CI.RSE)
+ }
Loading required package: robustlmm
Loading required package: lme4
Loading required package: Matrix
Warning in optwrap(optimizer, devfun, getStart(start, rho$pp), lower = rho$lower, :
convergence code -2 from nloptwrap: NLOPT_INVALID_ARGS: Invalid arguments (e.g. lower bounds are bigger than upper bounds, an unknown algorithm was specified, etcetera).
Warning in checkConv(attr(opt, "derivs"), opt$par, ctrl = control$checkConv, :
unable to evaluate scaled gradient
Warning in checkConv(attr(opt, "derivs"), opt$par, ctrl = control$checkConv, :
Model failed to converge: degenerate Hessian with 1 negative eigenvalues
Warning in optwrap(optimizer, devfun, getStart(start, rho$pp), lower = rho$lower, :
convergence code -2 from nloptwrap: NLOPT_INVALID_ARGS: Invalid arguments (e.g. lower bounds are bigger than upper bounds, an unknown algorithm was specified, etcetera).
Warning in checkConv(attr(opt, "derivs"), opt$par, ctrl = control$checkConv, :
unable to evaluate scaled gradient
Warning in checkConv(attr(opt, "derivs"), opt$par, ctrl = control$checkConv, :
Model failed to converge: degenerate Hessian with 1 negative eigenvalues
Warning in optwrap(optimizer, devfun, getStart(start, rho$pp), lower = rho$lower, :
convergence code -2 from nloptwrap: NLOPT_INVALID_ARGS: Invalid arguments (e.g. lower bounds are bigger than upper bounds, an unknown algorithm was specified, etcetera).
Warning in checkConv(attr(opt, "derivs"), opt$par, ctrl = control$checkConv, :
unable to evaluate scaled gradient
Warning in checkConv(attr(opt, "derivs"), opt$par, ctrl = control$checkConv, :
Model failed to converge: degenerate Hessian with 1 negative eigenvalues
Warning in optwrap(optimizer, devfun, getStart(start, rho$pp), lower = rho$lower, :
convergence code -2 from nloptwrap: NLOPT_INVALID_ARGS: Invalid arguments (e.g. lower bounds are bigger than upper bounds, an unknown algorithm was specified, etcetera).
Warning in checkConv(attr(opt, "derivs"), opt$par, ctrl = control$checkConv, :
unable to evaluate scaled gradient
Warning in checkConv(attr(opt, "derivs"), opt$par, ctrl = control$checkConv, :
Model failed to converge: degenerate Hessian with 1 negative eigenvalues
Warning in optwrap(optimizer, devfun, getStart(start, rho$pp), lower = rho$lower, :
convergence code -2 from nloptwrap: NLOPT_INVALID_ARGS: Invalid arguments (e.g. lower bounds are bigger than upper bounds, an unknown algorithm was specified, etcetera).
Warning in checkConv(attr(opt, "derivs"), opt$par, ctrl = control$checkConv, :
unable to evaluate scaled gradient
Warning in checkConv(attr(opt, "derivs"), opt$par, ctrl = control$checkConv, :
Model failed to converge: degenerate Hessian with 1 negative eigenvalues
Warning in optwrap(optimizer, devfun, getStart(start, rho$pp), lower = rho$lower, :
convergence code -2 from nloptwrap: NLOPT_INVALID_ARGS: Invalid arguments (e.g. lower bounds are bigger than upper bounds, an unknown algorithm was specified, etcetera).
Warning in checkConv(attr(opt, "derivs"), opt$par, ctrl = control$checkConv, :
unable to evaluate scaled gradient
Warning in checkConv(attr(opt, "derivs"), opt$par, ctrl = control$checkConv, :
Model failed to converge: degenerate Hessian with 1 negative eigenvalues
Warning in optwrap(optimizer, devfun, getStart(start, rho$pp), lower = rho$lower, :
convergence code -2 from nloptwrap: NLOPT_INVALID_ARGS: Invalid arguments (e.g. lower bounds are bigger than upper bounds, an unknown algorithm was specified, etcetera).
Warning in checkConv(attr(opt, "derivs"), opt$par, ctrl = control$checkConv, :
unable to evaluate scaled gradient
Warning in checkConv(attr(opt, "derivs"), opt$par, ctrl = control$checkConv, :
Model failed to converge: degenerate Hessian with 1 negative eigenvalues
Warning in optwrap(optimizer, devfun, getStart(start, rho$pp), lower = rho$lower, :
convergence code -2 from nloptwrap: NLOPT_INVALID_ARGS: Invalid arguments (e.g. lower bounds are bigger than upper bounds, an unknown algorithm was specified, etcetera).
Warning in checkConv(attr(opt, "derivs"), opt$par, ctrl = control$checkConv, :
unable to evaluate scaled gradient
Warning in checkConv(attr(opt, "derivs"), opt$par, ctrl = control$checkConv, :
Model failed to converge: degenerate Hessian with 1 negative eigenvalues
Warning in optwrap(optimizer, devfun, getStart(start, rho$pp), lower = rho$lower, :
convergence code -2 from nloptwrap: NLOPT_INVALID_ARGS: Invalid arguments (e.g. lower bounds are bigger than upper bounds, an unknown algorithm was specified, etcetera).
Warning in checkConv(attr(opt, "derivs"), opt$par, ctrl = control$checkConv, :
unable to evaluate scaled gradient
Warning in checkConv(attr(opt, "derivs"), opt$par, ctrl = control$checkConv, :
Model failed to converge: degenerate Hessian with 1 negative eigenvalues
Warning in optwrap(optimizer, devfun, getStart(start, rho$pp), lower = rho$lower, :
convergence code -2 from nloptwrap: NLOPT_INVALID_ARGS: Invalid arguments (e.g. lower bounds are bigger than upper bounds, an unknown algorithm was specified, etcetera).
Warning in checkConv(attr(opt, "derivs"), opt$par, ctrl = control$checkConv, :
unable to evaluate scaled gradient
Warning in checkConv(attr(opt, "derivs"), opt$par, ctrl = control$checkConv, :
Model failed to converge: degenerate Hessian with 1 negative eigenvalues
Warning in optwrap(optimizer, devfun, getStart(start, rho$pp), lower = rho$lower, :
convergence code -2 from nloptwrap: NLOPT_INVALID_ARGS: Invalid arguments (e.g. lower bounds are bigger than upper bounds, an unknown algorithm was specified, etcetera).
Warning in checkConv(attr(opt, "derivs"), opt$par, ctrl = control$checkConv, :
unable to evaluate scaled gradient
Warning in checkConv(attr(opt, "derivs"), opt$par, ctrl = control$checkConv, :
Model failed to converge: degenerate Hessian with 1 negative eigenvalues
Warning in optwrap(optimizer, devfun, getStart(start, rho$pp), lower = rho$lower, :
convergence code -2 from nloptwrap: NLOPT_INVALID_ARGS: Invalid arguments (e.g. lower bounds are bigger than upper bounds, an unknown algorithm was specified, etcetera).
Warning in checkConv(attr(opt, "derivs"), opt$par, ctrl = control$checkConv, :
unable to evaluate scaled gradient
Warning in checkConv(attr(opt, "derivs"), opt$par, ctrl = control$checkConv, :
Model failed to converge: degenerate Hessian with 1 negative eigenvalues
Warning in optwrap(optimizer, devfun, getStart(start, rho$pp), lower = rho$lower, :
convergence code -2 from nloptwrap: NLOPT_INVALID_ARGS: Invalid arguments (e.g. lower bounds are bigger than upper bounds, an unknown algorithm was specified, etcetera).
Warning in checkConv(attr(opt, "derivs"), opt$par, ctrl = control$checkConv, :
unable to evaluate scaled gradient
Warning in checkConv(attr(opt, "derivs"), opt$par, ctrl = control$checkConv, :
Model failed to converge: degenerate Hessian with 1 negative eigenvalues
Warning in optwrap(optimizer, devfun, getStart(start, rho$pp), lower = rho$lower, :
convergence code -2 from nloptwrap: NLOPT_INVALID_ARGS: Invalid arguments (e.g. lower bounds are bigger than upper bounds, an unknown algorithm was specified, etcetera).
Warning in checkConv(attr(opt, "derivs"), opt$par, ctrl = control$checkConv, :
unable to evaluate scaled gradient
Warning in checkConv(attr(opt, "derivs"), opt$par, ctrl = control$checkConv, :
Model failed to converge: degenerate Hessian with 1 negative eigenvalues
Warning in optwrap(optimizer, devfun, getStart(start, rho$pp), lower = rho$lower, :
convergence code -2 from nloptwrap: NLOPT_INVALID_ARGS: Invalid arguments (e.g. lower bounds are bigger than upper bounds, an unknown algorithm was specified, etcetera).
Warning in checkConv(attr(opt, "derivs"), opt$par, ctrl = control$checkConv, :
unable to evaluate scaled gradient
Warning in checkConv(attr(opt, "derivs"), opt$par, ctrl = control$checkConv, :
Model failed to converge: degenerate Hessian with 1 negative eigenvalues
Warning in optwrap(optimizer, devfun, getStart(start, rho$pp), lower = rho$lower, :
convergence code -2 from nloptwrap: NLOPT_INVALID_ARGS: Invalid arguments (e.g. lower bounds are bigger than upper bounds, an unknown algorithm was specified, etcetera).
Warning in checkConv(attr(opt, "derivs"), opt$par, ctrl = control$checkConv, :
unable to evaluate scaled gradient
Warning in checkConv(attr(opt, "derivs"), opt$par, ctrl = control$checkConv, :
Model failed to converge: degenerate Hessian with 1 negative eigenvalues
Warning in optwrap(optimizer, devfun, getStart(start, rho$pp), lower = rho$lower, :
convergence code -2 from nloptwrap: NLOPT_INVALID_ARGS: Invalid arguments (e.g. lower bounds are bigger than upper bounds, an unknown algorithm was specified, etcetera).
Warning in checkConv(attr(opt, "derivs"), opt$par, ctrl = control$checkConv, :
unable to evaluate scaled gradient
Warning in checkConv(attr(opt, "derivs"), opt$par, ctrl = control$checkConv, :
Model failed to converge: degenerate Hessian with 1 negative eigenvalues
Warning in optwrap(optimizer, devfun, getStart(start, rho$pp), lower = rho$lower, :
convergence code -2 from nloptwrap: NLOPT_INVALID_ARGS: Invalid arguments (e.g. lower bounds are bigger than upper bounds, an unknown algorithm was specified, etcetera).
Warning in checkConv(attr(opt, "derivs"), opt$par, ctrl = control$checkConv, :
unable to evaluate scaled gradient
Warning in checkConv(attr(opt, "derivs"), opt$par, ctrl = control$checkConv, :
Model failed to converge: degenerate Hessian with 1 negative eigenvalues
Warning in optwrap(optimizer, devfun, getStart(start, rho$pp), lower = rho$lower, :
convergence code -2 from nloptwrap: NLOPT_INVALID_ARGS: Invalid arguments (e.g. lower bounds are bigger than upper bounds, an unknown algorithm was specified, etcetera).
Warning in checkConv(attr(opt, "derivs"), opt$par, ctrl = control$checkConv, :
unable to evaluate scaled gradient
Warning in checkConv(attr(opt, "derivs"), opt$par, ctrl = control$checkConv, :
Model failed to converge: degenerate Hessian with 1 negative eigenvalues
Warning in optwrap(optimizer, devfun, getStart(start, rho$pp), lower = rho$lower, :
convergence code -2 from nloptwrap: NLOPT_INVALID_ARGS: Invalid arguments (e.g. lower bounds are bigger than upper bounds, an unknown algorithm was specified, etcetera).
Warning in checkConv(attr(opt, "derivs"), opt$par, ctrl = control$checkConv, :
unable to evaluate scaled gradient
Warning in checkConv(attr(opt, "derivs"), opt$par, ctrl = control$checkConv, :
Model failed to converge: degenerate Hessian with 1 negative eigenvalues
Warning in optwrap(optimizer, devfun, getStart(start, rho$pp), lower = rho$lower, :
convergence code -2 from nloptwrap: NLOPT_INVALID_ARGS: Invalid arguments (e.g. lower bounds are bigger than upper bounds, an unknown algorithm was specified, etcetera).
Warning in checkConv(attr(opt, "derivs"), opt$par, ctrl = control$checkConv, :
unable to evaluate scaled gradient
Warning in checkConv(attr(opt, "derivs"), opt$par, ctrl = control$checkConv, :
Model failed to converge: degenerate Hessian with 1 negative eigenvalues
Warning in optwrap(optimizer, devfun, getStart(start, rho$pp), lower = rho$lower, :
convergence code -2 from nloptwrap: NLOPT_INVALID_ARGS: Invalid arguments (e.g. lower bounds are bigger than upper bounds, an unknown algorithm was specified, etcetera).
Warning in checkConv(attr(opt, "derivs"), opt$par, ctrl = control$checkConv, :
unable to evaluate scaled gradient
Warning in checkConv(attr(opt, "derivs"), opt$par, ctrl = control$checkConv, :
Model failed to converge: degenerate Hessian with 1 negative eigenvalues
Warning in optwrap(optimizer, devfun, getStart(start, rho$pp), lower = rho$lower, :
convergence code -2 from nloptwrap: NLOPT_INVALID_ARGS: Invalid arguments (e.g. lower bounds are bigger than upper bounds, an unknown algorithm was specified, etcetera).
Warning in checkConv(attr(opt, "derivs"), opt$par, ctrl = control$checkConv, :
unable to evaluate scaled gradient
Warning in checkConv(attr(opt, "derivs"), opt$par, ctrl = control$checkConv, :
Model failed to converge: degenerate Hessian with 1 negative eigenvalues
Warning in optwrap(optimizer, devfun, getStart(start, rho$pp), lower = rho$lower, :
convergence code -2 from nloptwrap: NLOPT_INVALID_ARGS: Invalid arguments (e.g. lower bounds are bigger than upper bounds, an unknown algorithm was specified, etcetera).
Warning in checkConv(attr(opt, "derivs"), opt$par, ctrl = control$checkConv, :
unable to evaluate scaled gradient
Warning in checkConv(attr(opt, "derivs"), opt$par, ctrl = control$checkConv, :
Model failed to converge: degenerate Hessian with 1 negative eigenvalues
Warning in optwrap(optimizer, devfun, getStart(start, rho$pp), lower = rho$lower, :
convergence code -2 from nloptwrap: NLOPT_INVALID_ARGS: Invalid arguments (e.g. lower bounds are bigger than upper bounds, an unknown algorithm was specified, etcetera).
Warning in checkConv(attr(opt, "derivs"), opt$par, ctrl = control$checkConv, :
unable to evaluate scaled gradient
Warning in checkConv(attr(opt, "derivs"), opt$par, ctrl = control$checkConv, :
Model failed to converge: degenerate Hessian with 1 negative eigenvalues
Warning in optwrap(optimizer, devfun, getStart(start, rho$pp), lower = rho$lower, :
convergence code -2 from nloptwrap: NLOPT_INVALID_ARGS: Invalid arguments (e.g. lower bounds are bigger than upper bounds, an unknown algorithm was specified, etcetera).
Warning in checkConv(attr(opt, "derivs"), opt$par, ctrl = control$checkConv, :
unable to evaluate scaled gradient
Warning in checkConv(attr(opt, "derivs"), opt$par, ctrl = control$checkConv, :
Model failed to converge: degenerate Hessian with 1 negative eigenvalues
Warning in optwrap(optimizer, devfun, getStart(start, rho$pp), lower = rho$lower, :
convergence code -2 from nloptwrap: NLOPT_INVALID_ARGS: Invalid arguments (e.g. lower bounds are bigger than upper bounds, an unknown algorithm was specified, etcetera).
Warning in checkConv(attr(opt, "derivs"), opt$par, ctrl = control$checkConv, :
unable to evaluate scaled gradient
Warning in checkConv(attr(opt, "derivs"), opt$par, ctrl = control$checkConv, :
Model failed to converge: degenerate Hessian with 1 negative eigenvalues
Warning in optwrap(optimizer, devfun, getStart(start, rho$pp), lower = rho$lower, :
convergence code -2 from nloptwrap: NLOPT_INVALID_ARGS: Invalid arguments (e.g. lower bounds are bigger than upper bounds, an unknown algorithm was specified, etcetera).
Warning in checkConv(attr(opt, "derivs"), opt$par, ctrl = control$checkConv, :
unable to evaluate scaled gradient
Warning in checkConv(attr(opt, "derivs"), opt$par, ctrl = control$checkConv, :
Model failed to converge: degenerate Hessian with 1 negative eigenvalues
Warning in optwrap(optimizer, devfun, getStart(start, rho$pp), lower = rho$lower, :
convergence code -2 from nloptwrap: NLOPT_INVALID_ARGS: Invalid arguments (e.g. lower bounds are bigger than upper bounds, an unknown algorithm was specified, etcetera).
Warning in checkConv(attr(opt, "derivs"), opt$par, ctrl = control$checkConv, :
unable to evaluate scaled gradient
Warning in checkConv(attr(opt, "derivs"), opt$par, ctrl = control$checkConv, :
Model failed to converge: degenerate Hessian with 1 negative eigenvalues
Warning in optwrap(optimizer, devfun, getStart(start, rho$pp), lower = rho$lower, :
convergence code -2 from nloptwrap: NLOPT_INVALID_ARGS: Invalid arguments (e.g. lower bounds are bigger than upper bounds, an unknown algorithm was specified, etcetera).
Warning in checkConv(attr(opt, "derivs"), opt$par, ctrl = control$checkConv, :
unable to evaluate scaled gradient
Warning in checkConv(attr(opt, "derivs"), opt$par, ctrl = control$checkConv, :
Model failed to converge: degenerate Hessian with 1 negative eigenvalues
Warning in optwrap(optimizer, devfun, getStart(start, rho$pp), lower = rho$lower, :
convergence code -2 from nloptwrap: NLOPT_INVALID_ARGS: Invalid arguments (e.g. lower bounds are bigger than upper bounds, an unknown algorithm was specified, etcetera).
Warning in checkConv(attr(opt, "derivs"), opt$par, ctrl = control$checkConv, :
unable to evaluate scaled gradient
Warning in checkConv(attr(opt, "derivs"), opt$par, ctrl = control$checkConv, :
Model failed to converge: degenerate Hessian with 1 negative eigenvalues
Warning in optwrap(optimizer, devfun, getStart(start, rho$pp), lower = rho$lower, :
convergence code -2 from nloptwrap: NLOPT_INVALID_ARGS: Invalid arguments (e.g. lower bounds are bigger than upper bounds, an unknown algorithm was specified, etcetera).
Warning in checkConv(attr(opt, "derivs"), opt$par, ctrl = control$checkConv, :
unable to evaluate scaled gradient
Warning in checkConv(attr(opt, "derivs"), opt$par, ctrl = control$checkConv, :
Model failed to converge: degenerate Hessian with 1 negative eigenvalues
Warning in optwrap(optimizer, devfun, getStart(start, rho$pp), lower = rho$lower, :
convergence code -2 from nloptwrap: NLOPT_INVALID_ARGS: Invalid arguments (e.g. lower bounds are bigger than upper bounds, an unknown algorithm was specified, etcetera).
Warning in checkConv(attr(opt, "derivs"), opt$par, ctrl = control$checkConv, :
unable to evaluate scaled gradient
Warning in checkConv(attr(opt, "derivs"), opt$par, ctrl = control$checkConv, :
Model failed to converge: degenerate Hessian with 1 negative eigenvalues
Warning in optwrap(optimizer, devfun, getStart(start, rho$pp), lower = rho$lower, :
convergence code -2 from nloptwrap: NLOPT_INVALID_ARGS: Invalid arguments (e.g. lower bounds are bigger than upper bounds, an unknown algorithm was specified, etcetera).
Warning in checkConv(attr(opt, "derivs"), opt$par, ctrl = control$checkConv, :
unable to evaluate scaled gradient
Warning in checkConv(attr(opt, "derivs"), opt$par, ctrl = control$checkConv, :
Model failed to converge: degenerate Hessian with 1 negative eigenvalues
Warning in optwrap(optimizer, devfun, getStart(start, rho$pp), lower = rho$lower, :
convergence code -2 from nloptwrap: NLOPT_INVALID_ARGS: Invalid arguments (e.g. lower bounds are bigger than upper bounds, an unknown algorithm was specified, etcetera).
Warning in checkConv(attr(opt, "derivs"), opt$par, ctrl = control$checkConv, :
unable to evaluate scaled gradient
Warning in checkConv(attr(opt, "derivs"), opt$par, ctrl = control$checkConv, :
Model failed to converge: degenerate Hessian with 1 negative eigenvalues
Warning in optwrap(optimizer, devfun, getStart(start, rho$pp), lower = rho$lower, :
convergence code -2 from nloptwrap: NLOPT_INVALID_ARGS: Invalid arguments (e.g. lower bounds are bigger than upper bounds, an unknown algorithm was specified, etcetera).
Warning in checkConv(attr(opt, "derivs"), opt$par, ctrl = control$checkConv, :
unable to evaluate scaled gradient
Warning in checkConv(attr(opt, "derivs"), opt$par, ctrl = control$checkConv, :
Model failed to converge: degenerate Hessian with 1 negative eigenvalues
Warning in optwrap(optimizer, devfun, getStart(start, rho$pp), lower = rho$lower, :
convergence code -2 from nloptwrap: NLOPT_INVALID_ARGS: Invalid arguments (e.g. lower bounds are bigger than upper bounds, an unknown algorithm was specified, etcetera).
Warning in checkConv(attr(opt, "derivs"), opt$par, ctrl = control$checkConv, :
unable to evaluate scaled gradient
Warning in checkConv(attr(opt, "derivs"), opt$par, ctrl = control$checkConv, :
Model failed to converge: degenerate Hessian with 1 negative eigenvalues
Warning in optwrap(optimizer, devfun, getStart(start, rho$pp), lower = rho$lower, :
convergence code -2 from nloptwrap: NLOPT_INVALID_ARGS: Invalid arguments (e.g. lower bounds are bigger than upper bounds, an unknown algorithm was specified, etcetera).
Warning in checkConv(attr(opt, "derivs"), opt$par, ctrl = control$checkConv, :
unable to evaluate scaled gradient
Warning in checkConv(attr(opt, "derivs"), opt$par, ctrl = control$checkConv, :
Model failed to converge: degenerate Hessian with 1 negative eigenvalues
Warning in optwrap(optimizer, devfun, getStart(start, rho$pp), lower = rho$lower, :
convergence code -2 from nloptwrap: NLOPT_INVALID_ARGS: Invalid arguments (e.g. lower bounds are bigger than upper bounds, an unknown algorithm was specified, etcetera).
Warning in checkConv(attr(opt, "derivs"), opt$par, ctrl = control$checkConv, :
unable to evaluate scaled gradient
Warning in checkConv(attr(opt, "derivs"), opt$par, ctrl = control$checkConv, :
Model failed to converge: degenerate Hessian with 1 negative eigenvalues
Warning in optwrap(optimizer, devfun, getStart(start, rho$pp), lower = rho$lower, :
convergence code -2 from nloptwrap: NLOPT_INVALID_ARGS: Invalid arguments (e.g. lower bounds are bigger than upper bounds, an unknown algorithm was specified, etcetera).
Warning in checkConv(attr(opt, "derivs"), opt$par, ctrl = control$checkConv, :
unable to evaluate scaled gradient
Warning in checkConv(attr(opt, "derivs"), opt$par, ctrl = control$checkConv, :
Model failed to converge: degenerate Hessian with 1 negative eigenvalues
Warning in optwrap(optimizer, devfun, getStart(start, rho$pp), lower = rho$lower, :
convergence code -2 from nloptwrap: NLOPT_INVALID_ARGS: Invalid arguments (e.g. lower bounds are bigger than upper bounds, an unknown algorithm was specified, etcetera).
Warning in checkConv(attr(opt, "derivs"), opt$par, ctrl = control$checkConv, :
unable to evaluate scaled gradient
Warning in checkConv(attr(opt, "derivs"), opt$par, ctrl = control$checkConv, :
Model failed to converge: degenerate Hessian with 1 negative eigenvalues
Warning in optwrap(optimizer, devfun, getStart(start, rho$pp), lower = rho$lower, :
convergence code -2 from nloptwrap: NLOPT_INVALID_ARGS: Invalid arguments (e.g. lower bounds are bigger than upper bounds, an unknown algorithm was specified, etcetera).
Warning in checkConv(attr(opt, "derivs"), opt$par, ctrl = control$checkConv, :
unable to evaluate scaled gradient
Warning in checkConv(attr(opt, "derivs"), opt$par, ctrl = control$checkConv, :
Model failed to converge: degenerate Hessian with 1 negative eigenvalues
Warning in optwrap(optimizer, devfun, getStart(start, rho$pp), lower = rho$lower, :
convergence code -2 from nloptwrap: NLOPT_INVALID_ARGS: Invalid arguments (e.g. lower bounds are bigger than upper bounds, an unknown algorithm was specified, etcetera).
Warning in checkConv(attr(opt, "derivs"), opt$par, ctrl = control$checkConv, :
unable to evaluate scaled gradient
Warning in checkConv(attr(opt, "derivs"), opt$par, ctrl = control$checkConv, :
Model failed to converge: degenerate Hessian with 1 negative eigenvalues
Warning in optwrap(optimizer, devfun, getStart(start, rho$pp), lower = rho$lower, :
convergence code -2 from nloptwrap: NLOPT_INVALID_ARGS: Invalid arguments (e.g. lower bounds are bigger than upper bounds, an unknown algorithm was specified, etcetera).
Warning in checkConv(attr(opt, "derivs"), opt$par, ctrl = control$checkConv, :
unable to evaluate scaled gradient
Warning in checkConv(attr(opt, "derivs"), opt$par, ctrl = control$checkConv, :
Model failed to converge: degenerate Hessian with 1 negative eigenvalues
Warning in optwrap(optimizer, devfun, getStart(start, rho$pp), lower = rho$lower, :
convergence code -2 from nloptwrap: NLOPT_INVALID_ARGS: Invalid arguments (e.g. lower bounds are bigger than upper bounds, an unknown algorithm was specified, etcetera).
Warning in checkConv(attr(opt, "derivs"), opt$par, ctrl = control$checkConv, :
unable to evaluate scaled gradient
Warning in checkConv(attr(opt, "derivs"), opt$par, ctrl = control$checkConv, :
Model failed to converge: degenerate Hessian with 1 negative eigenvalues
Warning in optwrap(optimizer, devfun, getStart(start, rho$pp), lower = rho$lower, :
convergence code -2 from nloptwrap: NLOPT_INVALID_ARGS: Invalid arguments (e.g. lower bounds are bigger than upper bounds, an unknown algorithm was specified, etcetera).
Warning in checkConv(attr(opt, "derivs"), opt$par, ctrl = control$checkConv, :
unable to evaluate scaled gradient
Warning in checkConv(attr(opt, "derivs"), opt$par, ctrl = control$checkConv, :
Model failed to converge: degenerate Hessian with 1 negative eigenvalues
Warning in optwrap(optimizer, devfun, getStart(start, rho$pp), lower = rho$lower, :
convergence code -2 from nloptwrap: NLOPT_INVALID_ARGS: Invalid arguments (e.g. lower bounds are bigger than upper bounds, an unknown algorithm was specified, etcetera).
Warning in checkConv(attr(opt, "derivs"), opt$par, ctrl = control$checkConv, :
unable to evaluate scaled gradient
Warning in checkConv(attr(opt, "derivs"), opt$par, ctrl = control$checkConv, :
Model failed to converge: degenerate Hessian with 1 negative eigenvalues
Warning in optwrap(optimizer, devfun, getStart(start, rho$pp), lower = rho$lower, :
convergence code -2 from nloptwrap: NLOPT_INVALID_ARGS: Invalid arguments (e.g. lower bounds are bigger than upper bounds, an unknown algorithm was specified, etcetera).
Warning in checkConv(attr(opt, "derivs"), opt$par, ctrl = control$checkConv, :
unable to evaluate scaled gradient
Warning in checkConv(attr(opt, "derivs"), opt$par, ctrl = control$checkConv, :
Model failed to converge: degenerate Hessian with 1 negative eigenvalues
Warning in optwrap(optimizer, devfun, getStart(start, rho$pp), lower = rho$lower, :
convergence code -2 from nloptwrap: NLOPT_INVALID_ARGS: Invalid arguments (e.g. lower bounds are bigger than upper bounds, an unknown algorithm was specified, etcetera).
Warning in checkConv(attr(opt, "derivs"), opt$par, ctrl = control$checkConv, :
unable to evaluate scaled gradient
Warning in checkConv(attr(opt, "derivs"), opt$par, ctrl = control$checkConv, :
Model failed to converge: degenerate Hessian with 1 negative eigenvalues
Warning in optwrap(optimizer, devfun, getStart(start, rho$pp), lower = rho$lower, :
convergence code -2 from nloptwrap: NLOPT_INVALID_ARGS: Invalid arguments (e.g. lower bounds are bigger than upper bounds, an unknown algorithm was specified, etcetera).
Warning in checkConv(attr(opt, "derivs"), opt$par, ctrl = control$checkConv, :
unable to evaluate scaled gradient
Warning in checkConv(attr(opt, "derivs"), opt$par, ctrl = control$checkConv, :
Model failed to converge: degenerate Hessian with 1 negative eigenvalues
Warning in optwrap(optimizer, devfun, getStart(start, rho$pp), lower = rho$lower, :
convergence code -2 from nloptwrap: NLOPT_INVALID_ARGS: Invalid arguments (e.g. lower bounds are bigger than upper bounds, an unknown algorithm was specified, etcetera).
Warning in checkConv(attr(opt, "derivs"), opt$par, ctrl = control$checkConv, :
unable to evaluate scaled gradient
Warning in checkConv(attr(opt, "derivs"), opt$par, ctrl = control$checkConv, :
Model failed to converge: degenerate Hessian with 1 negative eigenvalues
Warning in optwrap(optimizer, devfun, getStart(start, rho$pp), lower = rho$lower, :
convergence code -2 from nloptwrap: NLOPT_INVALID_ARGS: Invalid arguments (e.g. lower bounds are bigger than upper bounds, an unknown algorithm was specified, etcetera).
Warning in checkConv(attr(opt, "derivs"), opt$par, ctrl = control$checkConv, :
unable to evaluate scaled gradient
Warning in checkConv(attr(opt, "derivs"), opt$par, ctrl = control$checkConv, :
Model failed to converge: degenerate Hessian with 1 negative eigenvalues
Warning in optwrap(optimizer, devfun, getStart(start, rho$pp), lower = rho$lower, :
convergence code -2 from nloptwrap: NLOPT_INVALID_ARGS: Invalid arguments (e.g. lower bounds are bigger than upper bounds, an unknown algorithm was specified, etcetera).
Warning in checkConv(attr(opt, "derivs"), opt$par, ctrl = control$checkConv, :
unable to evaluate scaled gradient
Warning in checkConv(attr(opt, "derivs"), opt$par, ctrl = control$checkConv, :
Model failed to converge: degenerate Hessian with 1 negative eigenvalues
Warning in optwrap(optimizer, devfun, getStart(start, rho$pp), lower = rho$lower, :
convergence code -2 from nloptwrap: NLOPT_INVALID_ARGS: Invalid arguments (e.g. lower bounds are bigger than upper bounds, an unknown algorithm was specified, etcetera).
Warning in checkConv(attr(opt, "derivs"), opt$par, ctrl = control$checkConv, :
unable to evaluate scaled gradient
Warning in checkConv(attr(opt, "derivs"), opt$par, ctrl = control$checkConv, :
Model failed to converge: degenerate Hessian with 1 negative eigenvalues
Warning in optwrap(optimizer, devfun, getStart(start, rho$pp), lower = rho$lower, :
convergence code -2 from nloptwrap: NLOPT_INVALID_ARGS: Invalid arguments (e.g. lower bounds are bigger than upper bounds, an unknown algorithm was specified, etcetera).
Warning in checkConv(attr(opt, "derivs"), opt$par, ctrl = control$checkConv, :
unable to evaluate scaled gradient
Warning in checkConv(attr(opt, "derivs"), opt$par, ctrl = control$checkConv, :
Model failed to converge: degenerate Hessian with 1 negative eigenvalues
Warning in optwrap(optimizer, devfun, getStart(start, rho$pp), lower = rho$lower, :
convergence code -2 from nloptwrap: NLOPT_INVALID_ARGS: Invalid arguments (e.g. lower bounds are bigger than upper bounds, an unknown algorithm was specified, etcetera).
Warning in checkConv(attr(opt, "derivs"), opt$par, ctrl = control$checkConv, :
unable to evaluate scaled gradient
Warning in checkConv(attr(opt, "derivs"), opt$par, ctrl = control$checkConv, :
Model failed to converge: degenerate Hessian with 1 negative eigenvalues
Warning in optwrap(optimizer, devfun, getStart(start, rho$pp), lower = rho$lower, :
convergence code -2 from nloptwrap: NLOPT_INVALID_ARGS: Invalid arguments (e.g. lower bounds are bigger than upper bounds, an unknown algorithm was specified, etcetera).
Warning in checkConv(attr(opt, "derivs"), opt$par, ctrl = control$checkConv, :
unable to evaluate scaled gradient
Warning in checkConv(attr(opt, "derivs"), opt$par, ctrl = control$checkConv, :
Model failed to converge: degenerate Hessian with 1 negative eigenvalues
Warning in optwrap(optimizer, devfun, getStart(start, rho$pp), lower = rho$lower, :
convergence code -2 from nloptwrap: NLOPT_INVALID_ARGS: Invalid arguments (e.g. lower bounds are bigger than upper bounds, an unknown algorithm was specified, etcetera).
Warning in checkConv(attr(opt, "derivs"), opt$par, ctrl = control$checkConv, :
unable to evaluate scaled gradient
Warning in checkConv(attr(opt, "derivs"), opt$par, ctrl = control$checkConv, :
Model failed to converge: degenerate Hessian with 1 negative eigenvalues
Warning in optwrap(optimizer, devfun, getStart(start, rho$pp), lower = rho$lower, :
convergence code -2 from nloptwrap: NLOPT_INVALID_ARGS: Invalid arguments (e.g. lower bounds are bigger than upper bounds, an unknown algorithm was specified, etcetera).
Warning in checkConv(attr(opt, "derivs"), opt$par, ctrl = control$checkConv, :
unable to evaluate scaled gradient
Warning in checkConv(attr(opt, "derivs"), opt$par, ctrl = control$checkConv, :
Model failed to converge: degenerate Hessian with 1 negative eigenvalues
Warning in optwrap(optimizer, devfun, getStart(start, rho$pp), lower = rho$lower, :
convergence code -2 from nloptwrap: NLOPT_INVALID_ARGS: Invalid arguments (e.g. lower bounds are bigger than upper bounds, an unknown algorithm was specified, etcetera).
Warning in checkConv(attr(opt, "derivs"), opt$par, ctrl = control$checkConv, :
unable to evaluate scaled gradient
Warning in checkConv(attr(opt, "derivs"), opt$par, ctrl = control$checkConv, :
Model failed to converge: degenerate Hessian with 1 negative eigenvalues
Warning in optwrap(optimizer, devfun, getStart(start, rho$pp), lower = rho$lower, :
convergence code -2 from nloptwrap: NLOPT_INVALID_ARGS: Invalid arguments (e.g. lower bounds are bigger than upper bounds, an unknown algorithm was specified, etcetera).
Warning in checkConv(attr(opt, "derivs"), opt$par, ctrl = control$checkConv, :
unable to evaluate scaled gradient
Warning in checkConv(attr(opt, "derivs"), opt$par, ctrl = control$checkConv, :
Model failed to converge: degenerate Hessian with 1 negative eigenvalues
Warning in optwrap(optimizer, devfun, getStart(start, rho$pp), lower = rho$lower, :
convergence code -2 from nloptwrap: NLOPT_INVALID_ARGS: Invalid arguments (e.g. lower bounds are bigger than upper bounds, an unknown algorithm was specified, etcetera).
Warning in checkConv(attr(opt, "derivs"), opt$par, ctrl = control$checkConv, :
unable to evaluate scaled gradient
Warning in checkConv(attr(opt, "derivs"), opt$par, ctrl = control$checkConv, :
Model failed to converge: degenerate Hessian with 1 negative eigenvalues
Warning in optwrap(optimizer, devfun, getStart(start, rho$pp), lower = rho$lower, :
convergence code -2 from nloptwrap: NLOPT_INVALID_ARGS: Invalid arguments (e.g. lower bounds are bigger than upper bounds, an unknown algorithm was specified, etcetera).
Warning in checkConv(attr(opt, "derivs"), opt$par, ctrl = control$checkConv, :
unable to evaluate scaled gradient
Warning in checkConv(attr(opt, "derivs"), opt$par, ctrl = control$checkConv, :
Model failed to converge: degenerate Hessian with 1 negative eigenvalues
Warning in optwrap(optimizer, devfun, getStart(start, rho$pp), lower = rho$lower, :
convergence code -2 from nloptwrap: NLOPT_INVALID_ARGS: Invalid arguments (e.g. lower bounds are bigger than upper bounds, an unknown algorithm was specified, etcetera).
Warning in checkConv(attr(opt, "derivs"), opt$par, ctrl = control$checkConv, :
unable to evaluate scaled gradient
Warning in checkConv(attr(opt, "derivs"), opt$par, ctrl = control$checkConv, :
Model failed to converge: degenerate Hessian with 1 negative eigenvalues
Warning in optwrap(optimizer, devfun, getStart(start, rho$pp), lower = rho$lower, :
convergence code -2 from nloptwrap: NLOPT_INVALID_ARGS: Invalid arguments (e.g. lower bounds are bigger than upper bounds, an unknown algorithm was specified, etcetera).
Warning in checkConv(attr(opt, "derivs"), opt$par, ctrl = control$checkConv, :
unable to evaluate scaled gradient
Warning in checkConv(attr(opt, "derivs"), opt$par, ctrl = control$checkConv, :
Model failed to converge: degenerate Hessian with 1 negative eigenvalues
Warning in optwrap(optimizer, devfun, getStart(start, rho$pp), lower = rho$lower, :
convergence code -2 from nloptwrap: NLOPT_INVALID_ARGS: Invalid arguments (e.g. lower bounds are bigger than upper bounds, an unknown algorithm was specified, etcetera).
Warning in checkConv(attr(opt, "derivs"), opt$par, ctrl = control$checkConv, :
unable to evaluate scaled gradient
Warning in checkConv(attr(opt, "derivs"), opt$par, ctrl = control$checkConv, :
Model failed to converge: degenerate Hessian with 1 negative eigenvalues
Warning in optwrap(optimizer, devfun, getStart(start, rho$pp), lower = rho$lower, :
convergence code -2 from nloptwrap: NLOPT_INVALID_ARGS: Invalid arguments (e.g. lower bounds are bigger than upper bounds, an unknown algorithm was specified, etcetera).
Warning in checkConv(attr(opt, "derivs"), opt$par, ctrl = control$checkConv, :
unable to evaluate scaled gradient
Warning in checkConv(attr(opt, "derivs"), opt$par, ctrl = control$checkConv, :
Model failed to converge: degenerate Hessian with 1 negative eigenvalues
Warning in optwrap(optimizer, devfun, getStart(start, rho$pp), lower = rho$lower, :
convergence code -2 from nloptwrap: NLOPT_INVALID_ARGS: Invalid arguments (e.g. lower bounds are bigger than upper bounds, an unknown algorithm was specified, etcetera).
Warning in checkConv(attr(opt, "derivs"), opt$par, ctrl = control$checkConv, :
unable to evaluate scaled gradient
Warning in checkConv(attr(opt, "derivs"), opt$par, ctrl = control$checkConv, :
Model failed to converge: degenerate Hessian with 1 negative eigenvalues
Warning in optwrap(optimizer, devfun, getStart(start, rho$pp), lower = rho$lower, :
convergence code -2 from nloptwrap: NLOPT_INVALID_ARGS: Invalid arguments (e.g. lower bounds are bigger than upper bounds, an unknown algorithm was specified, etcetera).
Warning in checkConv(attr(opt, "derivs"), opt$par, ctrl = control$checkConv, :
unable to evaluate scaled gradient
Warning in checkConv(attr(opt, "derivs"), opt$par, ctrl = control$checkConv, :
Model failed to converge: degenerate Hessian with 1 negative eigenvalues
Warning in optwrap(optimizer, devfun, getStart(start, rho$pp), lower = rho$lower, :
convergence code -2 from nloptwrap: NLOPT_INVALID_ARGS: Invalid arguments (e.g. lower bounds are bigger than upper bounds, an unknown algorithm was specified, etcetera).
Warning in checkConv(attr(opt, "derivs"), opt$par, ctrl = control$checkConv, :
unable to evaluate scaled gradient
Warning in checkConv(attr(opt, "derivs"), opt$par, ctrl = control$checkConv, :
Model failed to converge: degenerate Hessian with 1 negative eigenvalues
Warning in optwrap(optimizer, devfun, getStart(start, rho$pp), lower = rho$lower, :
convergence code -2 from nloptwrap: NLOPT_INVALID_ARGS: Invalid arguments (e.g. lower bounds are bigger than upper bounds, an unknown algorithm was specified, etcetera).
Warning in checkConv(attr(opt, "derivs"), opt$par, ctrl = control$checkConv, :
unable to evaluate scaled gradient
Warning in checkConv(attr(opt, "derivs"), opt$par, ctrl = control$checkConv, :
Model failed to converge: degenerate Hessian with 1 negative eigenvalues
Warning in optwrap(optimizer, devfun, getStart(start, rho$pp), lower = rho$lower, :
convergence code -2 from nloptwrap: NLOPT_INVALID_ARGS: Invalid arguments (e.g. lower bounds are bigger than upper bounds, an unknown algorithm was specified, etcetera).
Warning in checkConv(attr(opt, "derivs"), opt$par, ctrl = control$checkConv, :
unable to evaluate scaled gradient
Warning in checkConv(attr(opt, "derivs"), opt$par, ctrl = control$checkConv, :
Model failed to converge: degenerate Hessian with 1 negative eigenvalues
Warning in optwrap(optimizer, devfun, getStart(start, rho$pp), lower = rho$lower, :
convergence code -2 from nloptwrap: NLOPT_INVALID_ARGS: Invalid arguments (e.g. lower bounds are bigger than upper bounds, an unknown algorithm was specified, etcetera).
Warning in checkConv(attr(opt, "derivs"), opt$par, ctrl = control$checkConv, :
unable to evaluate scaled gradient
Warning in checkConv(attr(opt, "derivs"), opt$par, ctrl = control$checkConv, :
Model failed to converge: degenerate Hessian with 1 negative eigenvalues
Warning in optwrap(optimizer, devfun, getStart(start, rho$pp), lower = rho$lower, :
convergence code -2 from nloptwrap: NLOPT_INVALID_ARGS: Invalid arguments (e.g. lower bounds are bigger than upper bounds, an unknown algorithm was specified, etcetera).
Warning in checkConv(attr(opt, "derivs"), opt$par, ctrl = control$checkConv, :
unable to evaluate scaled gradient
Warning in checkConv(attr(opt, "derivs"), opt$par, ctrl = control$checkConv, :
Model failed to converge: degenerate Hessian with 1 negative eigenvalues
Warning in optwrap(optimizer, devfun, getStart(start, rho$pp), lower = rho$lower, :
convergence code -2 from nloptwrap: NLOPT_INVALID_ARGS: Invalid arguments (e.g. lower bounds are bigger than upper bounds, an unknown algorithm was specified, etcetera).
Warning in checkConv(attr(opt, "derivs"), opt$par, ctrl = control$checkConv, :
unable to evaluate scaled gradient
Warning in checkConv(attr(opt, "derivs"), opt$par, ctrl = control$checkConv, :
Model failed to converge: degenerate Hessian with 1 negative eigenvalues
Warning in optwrap(optimizer, devfun, getStart(start, rho$pp), lower = rho$lower, :
convergence code -2 from nloptwrap: NLOPT_INVALID_ARGS: Invalid arguments (e.g. lower bounds are bigger than upper bounds, an unknown algorithm was specified, etcetera).
Warning in checkConv(attr(opt, "derivs"), opt$par, ctrl = control$checkConv, :
unable to evaluate scaled gradient
Warning in checkConv(attr(opt, "derivs"), opt$par, ctrl = control$checkConv, :
Model failed to converge: degenerate Hessian with 1 negative eigenvalues
Warning in optwrap(optimizer, devfun, getStart(start, rho$pp), lower = rho$lower, :
convergence code -2 from nloptwrap: NLOPT_INVALID_ARGS: Invalid arguments (e.g. lower bounds are bigger than upper bounds, an unknown algorithm was specified, etcetera).
Warning in checkConv(attr(opt, "derivs"), opt$par, ctrl = control$checkConv, :
unable to evaluate scaled gradient
Warning in checkConv(attr(opt, "derivs"), opt$par, ctrl = control$checkConv, :
Model failed to converge: degenerate Hessian with 1 negative eigenvalues
Warning in optwrap(optimizer, devfun, getStart(start, rho$pp), lower = rho$lower, :
convergence code -2 from nloptwrap: NLOPT_INVALID_ARGS: Invalid arguments (e.g. lower bounds are bigger than upper bounds, an unknown algorithm was specified, etcetera).
Warning in checkConv(attr(opt, "derivs"), opt$par, ctrl = control$checkConv, :
unable to evaluate scaled gradient
Warning in checkConv(attr(opt, "derivs"), opt$par, ctrl = control$checkConv, :
Model failed to converge: degenerate Hessian with 1 negative eigenvalues
Warning in optwrap(optimizer, devfun, getStart(start, rho$pp), lower = rho$lower, :
convergence code -2 from nloptwrap: NLOPT_INVALID_ARGS: Invalid arguments (e.g. lower bounds are bigger than upper bounds, an unknown algorithm was specified, etcetera).
Warning in checkConv(attr(opt, "derivs"), opt$par, ctrl = control$checkConv, :
unable to evaluate scaled gradient
Warning in checkConv(attr(opt, "derivs"), opt$par, ctrl = control$checkConv, :
Model failed to converge: degenerate Hessian with 1 negative eigenvalues
Warning in optwrap(optimizer, devfun, getStart(start, rho$pp), lower = rho$lower, :
convergence code -2 from nloptwrap: NLOPT_INVALID_ARGS: Invalid arguments (e.g. lower bounds are bigger than upper bounds, an unknown algorithm was specified, etcetera).
Warning in checkConv(attr(opt, "derivs"), opt$par, ctrl = control$checkConv, :
unable to evaluate scaled gradient
Warning in checkConv(attr(opt, "derivs"), opt$par, ctrl = control$checkConv, :
Model failed to converge: degenerate Hessian with 1 negative eigenvalues
Warning in optwrap(optimizer, devfun, getStart(start, rho$pp), lower = rho$lower, :
convergence code -2 from nloptwrap: NLOPT_INVALID_ARGS: Invalid arguments (e.g. lower bounds are bigger than upper bounds, an unknown algorithm was specified, etcetera).
Warning in checkConv(attr(opt, "derivs"), opt$par, ctrl = control$checkConv, :
unable to evaluate scaled gradient
Warning in checkConv(attr(opt, "derivs"), opt$par, ctrl = control$checkConv, :
Model failed to converge: degenerate Hessian with 1 negative eigenvalues
Warning in optwrap(optimizer, devfun, getStart(start, rho$pp), lower = rho$lower, :
convergence code -2 from nloptwrap: NLOPT_INVALID_ARGS: Invalid arguments (e.g. lower bounds are bigger than upper bounds, an unknown algorithm was specified, etcetera).
Warning in checkConv(attr(opt, "derivs"), opt$par, ctrl = control$checkConv, :
unable to evaluate scaled gradient
Warning in checkConv(attr(opt, "derivs"), opt$par, ctrl = control$checkConv, :
Model failed to converge: degenerate Hessian with 1 negative eigenvalues
Warning in optwrap(optimizer, devfun, getStart(start, rho$pp), lower = rho$lower, :
convergence code -2 from nloptwrap: NLOPT_INVALID_ARGS: Invalid arguments (e.g. lower bounds are bigger than upper bounds, an unknown algorithm was specified, etcetera).
Warning in checkConv(attr(opt, "derivs"), opt$par, ctrl = control$checkConv, :
unable to evaluate scaled gradient
Warning in checkConv(attr(opt, "derivs"), opt$par, ctrl = control$checkConv, :
Model failed to converge: degenerate Hessian with 1 negative eigenvalues
Warning in optwrap(optimizer, devfun, getStart(start, rho$pp), lower = rho$lower, :
convergence code -2 from nloptwrap: NLOPT_INVALID_ARGS: Invalid arguments (e.g. lower bounds are bigger than upper bounds, an unknown algorithm was specified, etcetera).
Warning in checkConv(attr(opt, "derivs"), opt$par, ctrl = control$checkConv, :
unable to evaluate scaled gradient
Warning in checkConv(attr(opt, "derivs"), opt$par, ctrl = control$checkConv, :
Model failed to converge: degenerate Hessian with 1 negative eigenvalues
Warning in optwrap(optimizer, devfun, getStart(start, rho$pp), lower = rho$lower, :
convergence code -2 from nloptwrap: NLOPT_INVALID_ARGS: Invalid arguments (e.g. lower bounds are bigger than upper bounds, an unknown algorithm was specified, etcetera).
Warning in checkConv(attr(opt, "derivs"), opt$par, ctrl = control$checkConv, :
unable to evaluate scaled gradient
Warning in checkConv(attr(opt, "derivs"), opt$par, ctrl = control$checkConv, :
Model failed to converge: degenerate Hessian with 1 negative eigenvalues
Warning in optwrap(optimizer, devfun, getStart(start, rho$pp), lower = rho$lower, :
convergence code -2 from nloptwrap: NLOPT_INVALID_ARGS: Invalid arguments (e.g. lower bounds are bigger than upper bounds, an unknown algorithm was specified, etcetera).
Warning in checkConv(attr(opt, "derivs"), opt$par, ctrl = control$checkConv, :
unable to evaluate scaled gradient
Warning in checkConv(attr(opt, "derivs"), opt$par, ctrl = control$checkConv, :
Model failed to converge: degenerate Hessian with 1 negative eigenvalues
Warning in optwrap(optimizer, devfun, getStart(start, rho$pp), lower = rho$lower, :
convergence code -2 from nloptwrap: NLOPT_INVALID_ARGS: Invalid arguments (e.g. lower bounds are bigger than upper bounds, an unknown algorithm was specified, etcetera).
Warning in checkConv(attr(opt, "derivs"), opt$par, ctrl = control$checkConv, :
unable to evaluate scaled gradient
Warning in checkConv(attr(opt, "derivs"), opt$par, ctrl = control$checkConv, :
Model failed to converge: degenerate Hessian with 1 negative eigenvalues
Warning in optwrap(optimizer, devfun, getStart(start, rho$pp), lower = rho$lower, :
convergence code -2 from nloptwrap: NLOPT_INVALID_ARGS: Invalid arguments (e.g. lower bounds are bigger than upper bounds, an unknown algorithm was specified, etcetera).
Warning in checkConv(attr(opt, "derivs"), opt$par, ctrl = control$checkConv, :
unable to evaluate scaled gradient
Warning in checkConv(attr(opt, "derivs"), opt$par, ctrl = control$checkConv, :
Model failed to converge: degenerate Hessian with 1 negative eigenvalues
Warning in optwrap(optimizer, devfun, getStart(start, rho$pp), lower = rho$lower, :
convergence code -2 from nloptwrap: NLOPT_INVALID_ARGS: Invalid arguments (e.g. lower bounds are bigger than upper bounds, an unknown algorithm was specified, etcetera).
Warning in checkConv(attr(opt, "derivs"), opt$par, ctrl = control$checkConv, :
unable to evaluate scaled gradient
Warning in checkConv(attr(opt, "derivs"), opt$par, ctrl = control$checkConv, :
Model failed to converge: degenerate Hessian with 1 negative eigenvalues
Warning in optwrap(optimizer, devfun, getStart(start, rho$pp), lower = rho$lower, :
convergence code -2 from nloptwrap: NLOPT_INVALID_ARGS: Invalid arguments (e.g. lower bounds are bigger than upper bounds, an unknown algorithm was specified, etcetera).
Warning in checkConv(attr(opt, "derivs"), opt$par, ctrl = control$checkConv, :
unable to evaluate scaled gradient
Warning in checkConv(attr(opt, "derivs"), opt$par, ctrl = control$checkConv, :
Model failed to converge: degenerate Hessian with 1 negative eigenvalues
Warning in optwrap(optimizer, devfun, getStart(start, rho$pp), lower = rho$lower, :
convergence code -2 from nloptwrap: NLOPT_INVALID_ARGS: Invalid arguments (e.g. lower bounds are bigger than upper bounds, an unknown algorithm was specified, etcetera).
Warning in checkConv(attr(opt, "derivs"), opt$par, ctrl = control$checkConv, :
unable to evaluate scaled gradient
Warning in checkConv(attr(opt, "derivs"), opt$par, ctrl = control$checkConv, :
Model failed to converge: degenerate Hessian with 1 negative eigenvalues
Warning in optwrap(optimizer, devfun, getStart(start, rho$pp), lower = rho$lower, :
convergence code -2 from nloptwrap: NLOPT_INVALID_ARGS: Invalid arguments (e.g. lower bounds are bigger than upper bounds, an unknown algorithm was specified, etcetera).
Warning in checkConv(attr(opt, "derivs"), opt$par, ctrl = control$checkConv, :
unable to evaluate scaled gradient
Warning in checkConv(attr(opt, "derivs"), opt$par, ctrl = control$checkConv, :
Model failed to converge: degenerate Hessian with 1 negative eigenvalues
Warning in optwrap(optimizer, devfun, getStart(start, rho$pp), lower = rho$lower, :
convergence code -2 from nloptwrap: NLOPT_INVALID_ARGS: Invalid arguments (e.g. lower bounds are bigger than upper bounds, an unknown algorithm was specified, etcetera).
Warning in checkConv(attr(opt, "derivs"), opt$par, ctrl = control$checkConv, :
unable to evaluate scaled gradient
Warning in checkConv(attr(opt, "derivs"), opt$par, ctrl = control$checkConv, :
Model failed to converge: degenerate Hessian with 1 negative eigenvalues
Warning in optwrap(optimizer, devfun, getStart(start, rho$pp), lower = rho$lower, :
convergence code -2 from nloptwrap: NLOPT_INVALID_ARGS: Invalid arguments (e.g. lower bounds are bigger than upper bounds, an unknown algorithm was specified, etcetera).
Warning in checkConv(attr(opt, "derivs"), opt$par, ctrl = control$checkConv, :
unable to evaluate scaled gradient
Warning in checkConv(attr(opt, "derivs"), opt$par, ctrl = control$checkConv, :
Model failed to converge: degenerate Hessian with 1 negative eigenvalues
Warning in optwrap(optimizer, devfun, getStart(start, rho$pp), lower = rho$lower, :
convergence code -2 from nloptwrap: NLOPT_INVALID_ARGS: Invalid arguments (e.g. lower bounds are bigger than upper bounds, an unknown algorithm was specified, etcetera).
Warning in checkConv(attr(opt, "derivs"), opt$par, ctrl = control$checkConv, :
unable to evaluate scaled gradient
Warning in checkConv(attr(opt, "derivs"), opt$par, ctrl = control$checkConv, :
Model failed to converge: degenerate Hessian with 1 negative eigenvalues
Warning in optwrap(optimizer, devfun, getStart(start, rho$pp), lower = rho$lower, :
convergence code -2 from nloptwrap: NLOPT_INVALID_ARGS: Invalid arguments (e.g. lower bounds are bigger than upper bounds, an unknown algorithm was specified, etcetera).
Warning in checkConv(attr(opt, "derivs"), opt$par, ctrl = control$checkConv, :
unable to evaluate scaled gradient
Warning in checkConv(attr(opt, "derivs"), opt$par, ctrl = control$checkConv, :
Model failed to converge: degenerate Hessian with 1 negative eigenvalues
Warning in optwrap(optimizer, devfun, getStart(start, rho$pp), lower = rho$lower, :
convergence code -2 from nloptwrap: NLOPT_INVALID_ARGS: Invalid arguments (e.g. lower bounds are bigger than upper bounds, an unknown algorithm was specified, etcetera).
Warning in checkConv(attr(opt, "derivs"), opt$par, ctrl = control$checkConv, :
unable to evaluate scaled gradient
Warning in checkConv(attr(opt, "derivs"), opt$par, ctrl = control$checkConv, :
Model failed to converge: degenerate Hessian with 1 negative eigenvalues
Warning in optwrap(optimizer, devfun, getStart(start, rho$pp), lower = rho$lower, :
convergence code -2 from nloptwrap: NLOPT_INVALID_ARGS: Invalid arguments (e.g. lower bounds are bigger than upper bounds, an unknown algorithm was specified, etcetera).
Warning in checkConv(attr(opt, "derivs"), opt$par, ctrl = control$checkConv, :
unable to evaluate scaled gradient
Warning in checkConv(attr(opt, "derivs"), opt$par, ctrl = control$checkConv, :
Model failed to converge: degenerate Hessian with 1 negative eigenvalues
Warning in optwrap(optimizer, devfun, getStart(start, rho$pp), lower = rho$lower, :
convergence code -2 from nloptwrap: NLOPT_INVALID_ARGS: Invalid arguments (e.g. lower bounds are bigger than upper bounds, an unknown algorithm was specified, etcetera).
Warning in checkConv(attr(opt, "derivs"), opt$par, ctrl = control$checkConv, :
unable to evaluate scaled gradient
Warning in checkConv(attr(opt, "derivs"), opt$par, ctrl = control$checkConv, :
Model failed to converge: degenerate Hessian with 1 negative eigenvalues
Warning in optwrap(optimizer, devfun, getStart(start, rho$pp), lower = rho$lower, :
convergence code -2 from nloptwrap: NLOPT_INVALID_ARGS: Invalid arguments (e.g. lower bounds are bigger than upper bounds, an unknown algorithm was specified, etcetera).
Warning in checkConv(attr(opt, "derivs"), opt$par, ctrl = control$checkConv, :
unable to evaluate scaled gradient
Warning in checkConv(attr(opt, "derivs"), opt$par, ctrl = control$checkConv, :
Model failed to converge: degenerate Hessian with 1 negative eigenvalues
Error in bootstrap(model, nsim, max.tries, .export, sample, fit, ...) :
Failed to produce a valid model fit after 100 tries.
Calls: confintROB ... confintLMM -> wild -> wild.rlmerMod -> wild.lmerMod -> bootstrap
Execution halted
Flavors: r-devel-linux-x86_64-fedora-clang, r-devel-linux-x86_64-fedora-gcc
Version: 1.0-1
Check: tests
Result: ERROR
Running ‘confintrob_test.R’ [18s/48s]
Running ‘parallelTest.R’ [18s/91s]
Running ‘varComprob_createParamSampleFunction.R’ [24s/67s]
Comparing ‘varComprob_createParamSampleFunction.Rout’ to ‘varComprob_createParamSampleFunction.Rout.save’ ... OK
Running the tests in ‘tests/confintrob_test.R’ failed.
Complete output:
> require(confintROB)
Loading required package: confintROB
> require(lme4)
Loading required package: lme4
Loading required package: Matrix
> require(robustlmm)
Loading required package: robustlmm
>
> test <- function(object, ...) {
+ doTest <- function(method, ...) {
+ cat(
+ "Running test for object of class ",
+ class(object),
+ " with arguments method = ",
+ method,
+ "\n"
+ )
+ set.seed(1234)
+ result <-
+ confintROB(
+ object = object,
+ level = .95,
+ method = method,
+ nsim = 10,
+ boot.type = "parametric",
+ clusterID = "Subject",
+ ...
+ )
+ print(result, digits = 2)
+ }
+
+ for (method in c("boot", "BCa", "Wald")) {
+ doTest(method, ...)
+ }
+ }
>
> test.wild <- function(object, ...) {
+ cat("Running test.wild for object of class ", class(object), "\n")
+ set.seed(123)
+ y <- getME(object, "y")
+ X <- as.matrix(getME(object, "X"))
+ id <- getME(object, "flist")[[1]]
+ bet <- unname(fixef(object))
+ result <-
+ confintROB:::createWildSampleFunction(y = y,
+ X = X,
+ id = id,
+ bet = bet)(1)
+ print(result, digits = 5)
+ }
>
>
> control <- lmerControl(check.conv.grad = "ignore")
>
> model.ds.ML <-
+ lmer(Yield ~ (1 | Batch),
+ Dyestuff,
+ REML = FALSE,
+ control = control)
Warning message:
In optwrap(optimizer, devfun, getStart(start, rho$pp), lower = rho$lower, :
convergence code -2 from nloptwrap: NLOPT_INVALID_ARGS: Invalid arguments (e.g. lower bounds are bigger than upper bounds, an unknown algorithm was specified, etcetera).
> print(summary(model.ds.ML), digits = 2)
Linear mixed model fit by maximum likelihood ['lmerMod']
Formula: Yield ~ (1 | Batch)
Data: Dyestuff
Control: control
AIC BIC logLik deviance df.resid
Inf Inf -Inf Inf 27
Scaled residuals:
Min 1Q Median 3Q Max
-1.52 -0.78 0.10 0.78 1.92
Random effects:
Groups Name Variance Std.Dev.
Batch (Intercept) 2189 47
Residual 2285 48
Number of obs: 30, groups: Batch, 6
Fixed effects:
Estimate Std. Error t value
(Intercept) 1528 21 73
> test(model.ds.ML)
Running test for object of class lmerMod with arguments method = boot
Ignoring argument 'clusterID' as it's not needed for this combination of arguments
Error in bootstrap(model, nsim, max.tries, .export, sample, fit, ...) :
Failed to produce a valid model fit after 100 tries.
Calls: test ... confintLMM -> parametric -> parametric.lmerMod -> bootstrap
In addition: There were 50 or more warnings (use warnings() to see the first 50)
Execution halted
Running the tests in ‘tests/parallelTest.R’ failed.
Complete output:
> require(confintROB)
Loading required package: confintROB
> require(lme4)
Loading required package: lme4
Loading required package: Matrix
> require(robustlmm)
Loading required package: robustlmm
> require(robustvarComp)
Loading required package: robustvarComp
> require(foreach)
Loading required package: foreach
> require(parallel)
Loading required package: parallel
> require(doParallel)
Loading required package: doParallel
Loading required package: iterators
>
> cl <- makeCluster(2, type = "PSOCK")
> doParallel::registerDoParallel(cl)
>
> control <- lmerControl(check.conv.grad = "ignore")
>
> model.ML <-
+ lmer(Yield ~ (1 | Batch),
+ Dyestuff,
+ REML = FALSE,
+ control = control)
Warning message:
In optwrap(optimizer, devfun, getStart(start, rho$pp), lower = rho$lower, :
convergence code -2 from nloptwrap: NLOPT_INVALID_ARGS: Invalid arguments (e.g. lower bounds are bigger than upper bounds, an unknown algorithm was specified, etcetera).
>
> set.seed(123)
> parallelResults <- confintROB(model.ML, nsim = 3)
Error in bootstrap(model, nsim, max.tries, .export, sample, fit, ...) :
Failed to produce a valid model fit after 100 tries.
Calls: confintROB -> confintLMM -> wild -> wild.lmerMod -> bootstrap
Execution halted
Flavor: r-devel-linux-x86_64-fedora-clang
Version: 1.0-1
Check: tests
Result: ERROR
Running ‘confintrob_test.R’ [16s/21s]
Running ‘parallelTest.R’ [18s/48s]
Running ‘varComprob_createParamSampleFunction.R’ [20s/24s]
Comparing ‘varComprob_createParamSampleFunction.Rout’ to ‘varComprob_createParamSampleFunction.Rout.save’ ... OK
Running the tests in ‘tests/confintrob_test.R’ failed.
Complete output:
> require(confintROB)
Loading required package: confintROB
> require(lme4)
Loading required package: lme4
Loading required package: Matrix
> require(robustlmm)
Loading required package: robustlmm
>
> test <- function(object, ...) {
+ doTest <- function(method, ...) {
+ cat(
+ "Running test for object of class ",
+ class(object),
+ " with arguments method = ",
+ method,
+ "\n"
+ )
+ set.seed(1234)
+ result <-
+ confintROB(
+ object = object,
+ level = .95,
+ method = method,
+ nsim = 10,
+ boot.type = "parametric",
+ clusterID = "Subject",
+ ...
+ )
+ print(result, digits = 2)
+ }
+
+ for (method in c("boot", "BCa", "Wald")) {
+ doTest(method, ...)
+ }
+ }
>
> test.wild <- function(object, ...) {
+ cat("Running test.wild for object of class ", class(object), "\n")
+ set.seed(123)
+ y <- getME(object, "y")
+ X <- as.matrix(getME(object, "X"))
+ id <- getME(object, "flist")[[1]]
+ bet <- unname(fixef(object))
+ result <-
+ confintROB:::createWildSampleFunction(y = y,
+ X = X,
+ id = id,
+ bet = bet)(1)
+ print(result, digits = 5)
+ }
>
>
> control <- lmerControl(check.conv.grad = "ignore")
>
> model.ds.ML <-
+ lmer(Yield ~ (1 | Batch),
+ Dyestuff,
+ REML = FALSE,
+ control = control)
Warning message:
In optwrap(optimizer, devfun, getStart(start, rho$pp), lower = rho$lower, :
convergence code -2 from nloptwrap: NLOPT_INVALID_ARGS: Invalid arguments (e.g. lower bounds are bigger than upper bounds, an unknown algorithm was specified, etcetera).
> print(summary(model.ds.ML), digits = 2)
Linear mixed model fit by maximum likelihood ['lmerMod']
Formula: Yield ~ (1 | Batch)
Data: Dyestuff
Control: control
AIC BIC logLik deviance df.resid
Inf Inf -Inf Inf 27
Scaled residuals:
Min 1Q Median 3Q Max
-1.52 -0.78 0.10 0.78 1.92
Random effects:
Groups Name Variance Std.Dev.
Batch (Intercept) 2189 47
Residual 2285 48
Number of obs: 30, groups: Batch, 6
Fixed effects:
Estimate Std. Error t value
(Intercept) 1528 21 73
> test(model.ds.ML)
Running test for object of class lmerMod with arguments method = boot
Ignoring argument 'clusterID' as it's not needed for this combination of arguments
Error in bootstrap(model, nsim, max.tries, .export, sample, fit, ...) :
Failed to produce a valid model fit after 100 tries.
Calls: test ... confintLMM -> parametric -> parametric.lmerMod -> bootstrap
In addition: There were 50 or more warnings (use warnings() to see the first 50)
Execution halted
Running the tests in ‘tests/parallelTest.R’ failed.
Complete output:
> require(confintROB)
Loading required package: confintROB
> require(lme4)
Loading required package: lme4
Loading required package: Matrix
> require(robustlmm)
Loading required package: robustlmm
> require(robustvarComp)
Loading required package: robustvarComp
> require(foreach)
Loading required package: foreach
> require(parallel)
Loading required package: parallel
> require(doParallel)
Loading required package: doParallel
Loading required package: iterators
>
> cl <- makeCluster(2, type = "PSOCK")
> doParallel::registerDoParallel(cl)
>
> control <- lmerControl(check.conv.grad = "ignore")
>
> model.ML <-
+ lmer(Yield ~ (1 | Batch),
+ Dyestuff,
+ REML = FALSE,
+ control = control)
Warning message:
In optwrap(optimizer, devfun, getStart(start, rho$pp), lower = rho$lower, :
convergence code -2 from nloptwrap: NLOPT_INVALID_ARGS: Invalid arguments (e.g. lower bounds are bigger than upper bounds, an unknown algorithm was specified, etcetera).
>
> set.seed(123)
> parallelResults <- confintROB(model.ML, nsim = 3)
Error in bootstrap(model, nsim, max.tries, .export, sample, fit, ...) :
Failed to produce a valid model fit after 100 tries.
Calls: confintROB -> confintLMM -> wild -> wild.lmerMod -> bootstrap
Execution halted
Flavor: r-devel-linux-x86_64-fedora-gcc