Last updated on 2025-04-30 01:50:15 CEST.
Flavor | Version | Tinstall | Tcheck | Ttotal | Status | Flags |
---|---|---|---|---|---|---|
r-devel-linux-x86_64-debian-clang | 1.1.1 | 2.89 | 30.29 | 33.18 | NOTE | |
r-devel-linux-x86_64-debian-gcc | 1.1.1 | 2.13 | 23.62 | 25.75 | NOTE | |
r-devel-linux-x86_64-fedora-clang | 1.1.1 | 52.58 | OK | |||
r-devel-linux-x86_64-fedora-gcc | 1.1.1 | 49.40 | OK | |||
r-devel-windows-x86_64 | 1.1.1 | 6.00 | 63.00 | 69.00 | OK | |
r-patched-linux-x86_64 | 1.1.1 | 3.39 | 29.62 | 33.01 | OK | |
r-release-linux-x86_64 | 1.1.1 | 3.08 | 29.36 | 32.44 | OK | |
r-release-macos-arm64 | 1.1.1 | 22.00 | OK | |||
r-release-macos-x86_64 | 1.1.1 | 36.00 | OK | |||
r-release-windows-x86_64 | 1.1.1 | 5.00 | 60.00 | 65.00 | OK | |
r-oldrel-macos-arm64 | 1.1.1 | 24.00 | OK | |||
r-oldrel-macos-x86_64 | 1.1.1 | 38.00 | OK | |||
r-oldrel-windows-x86_64 | 1.1.1 | 6.00 | 62.00 | 68.00 | OK |
Version: 1.1.1
Check: CRAN incoming feasibility
Result: NOTE
Maintainer: ‘Paolo Vergottini <paolo.vergottini@gmail.com>’
The Description field contains
Fontana, and Vantini (2021) <arXiv:2102.06746>, Diquigiovanni, Fontana,
and Vantini (2021) <arXiv:2106.01792>, Solari, and Djordjilovic (2021)
<arXiv:2103.00627>.
Please refer to arXiv e-prints via their arXiv DOI <doi:10.48550/arXiv.YYMM.NNNNN>.
Flavors: r-devel-linux-x86_64-debian-clang, r-devel-linux-x86_64-debian-gcc
Version: 1.1.1
Check: examples
Result: NOTE
Examples with CPU (user + system) or elapsed time > 5s
user system elapsed
conformal.fun.jackplus 2.538 0.182 5.712
Flavor: r-devel-linux-x86_64-debian-clang