Last updated on 2025-02-10 01:48:18 CET.
Flavor | Version | Tinstall | Tcheck | Ttotal | Status | Flags |
---|---|---|---|---|---|---|
r-devel-linux-x86_64-debian-clang | 1.1.0 | 5.80 | 53.21 | 59.01 | OK | |
r-devel-linux-x86_64-debian-gcc | 1.1.0 | 4.16 | 39.09 | 43.25 | OK | |
r-devel-linux-x86_64-fedora-clang | 1.1.0 | 97.50 | OK | |||
r-devel-linux-x86_64-fedora-gcc | 1.1.0 | 88.05 | OK | |||
r-devel-windows-x86_64 | 1.1.0 | 7.00 | 66.00 | 73.00 | OK | |
r-patched-linux-x86_64 | 1.1.0 | 5.25 | 49.56 | 54.81 | NOTE | |
r-release-linux-x86_64 | 1.1.0 | 5.99 | 49.51 | 55.50 | NOTE | |
r-release-macos-arm64 | 1.1.0 | 28.00 | NOTE | |||
r-release-macos-x86_64 | 1.1.0 | 41.00 | NOTE | |||
r-release-windows-x86_64 | 1.1.0 | 7.00 | 65.00 | 72.00 | NOTE | |
r-oldrel-macos-arm64 | 1.1.0 | 31.00 | NOTE | |||
r-oldrel-macos-x86_64 | 1.1.0 | 51.00 | NOTE | |||
r-oldrel-windows-x86_64 | 1.1.0 | 7.00 | 74.00 | 81.00 | NOTE |
Version: 1.1.0
Check: LazyData
Result: NOTE
'LazyData' is specified without a 'data' directory
Flavors: r-patched-linux-x86_64, r-release-linux-x86_64, r-release-macos-arm64, r-release-macos-x86_64, r-release-windows-x86_64, r-oldrel-macos-arm64, r-oldrel-macos-x86_64, r-oldrel-windows-x86_64