Last updated on 2025-04-30 01:50:15 CEST.
Flavor | Version | Tinstall | Tcheck | Ttotal | Status | Flags |
---|---|---|---|---|---|---|
r-devel-linux-x86_64-debian-clang | 2.4 | 42.82 | 274.51 | 317.33 | NOTE | |
r-devel-linux-x86_64-debian-gcc | 2.4 | 27.35 | 166.49 | 193.84 | OK | |
r-devel-linux-x86_64-fedora-clang | 2.4 | 575.90 | OK | |||
r-devel-linux-x86_64-fedora-gcc | 2.4 | 488.04 | OK | |||
r-devel-windows-x86_64 | 2.4 | 46.00 | 257.00 | 303.00 | OK | |
r-patched-linux-x86_64 | 2.4 | 39.74 | 260.03 | 299.77 | OK | |
r-release-linux-x86_64 | 2.4 | 42.89 | 255.14 | 298.03 | OK | |
r-release-macos-arm64 | 2.4 | 113.00 | OK | |||
r-release-macos-x86_64 | 2.4 | 250.00 | OK | |||
r-release-windows-x86_64 | 2.4 | 48.00 | 257.00 | 305.00 | OK | |
r-oldrel-macos-arm64 | 2.4 | 113.00 | OK | |||
r-oldrel-macos-x86_64 | 2.4 | 396.00 | OK | |||
r-oldrel-windows-x86_64 | 2.4 | 58.00 | 346.00 | 404.00 | OK |
Version: 2.4
Check: examples
Result: NOTE
Examples with CPU (user + system) or elapsed time > 5s
user system elapsed
sphericalharmonics 4.741 0.002 6.622
Flavor: r-devel-linux-x86_64-debian-clang