Last updated on 2025-04-30 01:50:15 CEST.
Flavor | Version | Tinstall | Tcheck | Ttotal | Status | Flags |
---|---|---|---|---|---|---|
r-devel-linux-x86_64-debian-clang | 1.2.0 | 15.25 | 131.95 | 147.20 | NOTE | |
r-devel-linux-x86_64-debian-gcc | 1.2.0 | 12.12 | 93.23 | 105.35 | NOTE | |
r-devel-linux-x86_64-fedora-clang | 1.2.0 | 262.84 | OK | |||
r-devel-linux-x86_64-fedora-gcc | 1.2.0 | 235.05 | OK | |||
r-devel-windows-x86_64 | 1.2.0 | 17.00 | 131.00 | 148.00 | OK | |
r-patched-linux-x86_64 | 1.2.0 | 15.59 | 125.82 | 141.41 | OK | |
r-release-linux-x86_64 | 1.2.0 | 14.93 | 123.92 | 138.85 | OK | |
r-release-macos-arm64 | 1.2.0 | 82.00 | OK | |||
r-release-macos-x86_64 | 1.2.0 | 142.00 | OK | |||
r-release-windows-x86_64 | 1.2.0 | 16.00 | 127.00 | 143.00 | OK | |
r-oldrel-macos-arm64 | 1.2.0 | 69.00 | OK | |||
r-oldrel-macos-x86_64 | 1.2.0 | 106.00 | OK | |||
r-oldrel-windows-x86_64 | 1.2.0 | 21.00 | 173.00 | 194.00 | OK |
Version: 1.2.0
Check: CRAN incoming feasibility
Result: NOTE
Maintainer: ‘Lei Yang <leiyangslu@gmail.com>’
No Authors@R field in DESCRIPTION.
Please add one, modifying
Authors@R: person(given = "Lei",
family = "Yang",
role = c("aut", "cre"),
email = "leiyangslu@gmail.com")
as necessary.
Flavors: r-devel-linux-x86_64-debian-clang, r-devel-linux-x86_64-debian-gcc