Last updated on 2024-05-21 02:01:58 CEST.
Flavor | Version | Tinstall | Tcheck | Ttotal | Status | Flags |
---|---|---|---|---|---|---|
r-devel-linux-x86_64-debian-clang | 1.0.7 | 11.09 | 111.35 | 122.44 | OK | |
r-devel-linux-x86_64-debian-gcc | 1.0.7 | 11.17 | 82.86 | 94.03 | OK | |
r-devel-linux-x86_64-fedora-clang | 1.0.7 | 162.83 | NOTE | |||
r-devel-linux-x86_64-fedora-gcc | 1.0.7 | 144.56 | NOTE | |||
r-devel-windows-x86_64 | 1.0.7 | 12.00 | 94.00 | 106.00 | OK | |
r-patched-linux-x86_64 | 1.0.7 | 11.49 | 106.61 | 118.10 | OK | |
r-release-linux-x86_64 | 1.0.7 | 11.67 | 108.05 | 119.72 | OK | |
r-release-macos-arm64 | 1.0.7 | 45.00 | OK | |||
r-release-macos-x86_64 | 1.0.7 | 79.00 | OK | |||
r-release-windows-x86_64 | 1.0.7 | 12.00 | 97.00 | 109.00 | OK | |
r-oldrel-macos-arm64 | 1.0.7 | 52.00 | OK | |||
r-oldrel-macos-x86_64 | 1.0.7 | 65.00 | OK | |||
r-oldrel-windows-x86_64 | 1.0.7 | 14.00 | 113.00 | 127.00 | OK |
Version: 1.0.7
Check: dependencies in R code
Result: NOTE
Namespace in Imports field not imported from: ‘graphics’
All declared Imports should be used.
Flavors: r-devel-linux-x86_64-fedora-clang, r-devel-linux-x86_64-fedora-gcc