CRAN Package Check Results for Package coreNLP

Last updated on 2025-10-22 01:51:21 CEST.

Flavor Version Tinstall Tcheck Ttotal Status Flags
r-devel-linux-x86_64-debian-clang 0.4-3 3.87 38.99 42.86 NOTE
r-devel-linux-x86_64-debian-gcc 0.4-3 3.08 28.40 31.48 NOTE
r-devel-linux-x86_64-fedora-clang 0.4-3 52.01 OK
r-devel-linux-x86_64-fedora-gcc 0.4-3 10.00 50.62 60.62 OK
r-devel-windows-x86_64 0.4-3 7.00 53.00 60.00 OK
r-patched-linux-x86_64 0.4-3 4.37 36.99 41.36 OK
r-release-linux-x86_64 0.4-3 4.29 36.71 41.00 OK
r-release-macos-arm64 0.4-3 2.00 21.00 23.00 OK
r-release-macos-x86_64 0.4-3 4.00 41.00 45.00 OK
r-release-windows-x86_64 0.4-3 5.00 60.00 65.00 OK
r-oldrel-macos-arm64 0.4-3 2.00 28.00 30.00 OK
r-oldrel-macos-x86_64 0.4-3 4.00 36.00 40.00 OK
r-oldrel-windows-x86_64 0.4-3 7.00 62.00 69.00 OK

Check Details

Version: 0.4-3
Check: CRAN incoming feasibility
Result: NOTE Maintainer: ‘Taylor Arnold <tarnold2@richmond.edu>’ No Authors@R field in DESCRIPTION. Please add one, modifying Authors@R: c(person(given = "Taylor", family = "Arnold", role = c("aut", "cre"), email = "tarnold2@richmond.edu"), person(given = "Lauren", family = "Tilton", role = "aut")) as necessary. Flavors: r-devel-linux-x86_64-debian-clang, r-devel-linux-x86_64-debian-gcc

Version: 0.4-3
Check: HTML version of manual
Result: NOTE Found the following HTML validation problems: annotateFile.html:69:1 (annotateFile.Rd:24): Warning: missing </ul> before </div> loadXMLAnnotation.html:53:1 (loadXMLAnnotation.Rd:14): Warning: missing </ul> before </div> parseAnnoXML.html:47:1 (parseAnnoXML.Rd:10): Warning: missing </ul> before </div> Flavors: r-devel-linux-x86_64-debian-clang, r-devel-linux-x86_64-debian-gcc