Last updated on 2025-02-20 01:50:30 CET.
Flavor | Version | Tinstall | Tcheck | Ttotal | Status | Flags |
---|---|---|---|---|---|---|
r-devel-linux-x86_64-debian-clang | 0.4.4 | 5.56 | 81.08 | 86.64 | NOTE | |
r-devel-linux-x86_64-debian-gcc | 0.4.4 | 3.79 | 58.58 | 62.37 | NOTE | |
r-devel-linux-x86_64-fedora-clang | 0.4.4 | 139.64 | OK | |||
r-devel-linux-x86_64-fedora-gcc | 0.4.4 | 145.26 | OK | |||
r-devel-macos-arm64 | 0.4.4 | 47.00 | OK | |||
r-devel-macos-x86_64 | 0.4.4 | 97.00 | OK | |||
r-devel-windows-x86_64 | 0.4.4 | 8.00 | 99.00 | 107.00 | NOTE | |
r-patched-linux-x86_64 | 0.4.4 | 11.20 | 75.48 | 86.68 | OK | |
r-release-linux-x86_64 | 0.4.4 | 5.30 | 75.38 | 80.68 | OK | |
r-release-macos-arm64 | 0.4.4 | 50.00 | OK | |||
r-release-macos-x86_64 | 0.4.4 | 96.00 | OK | |||
r-release-windows-x86_64 | 0.4.4 | 7.00 | 95.00 | 102.00 | OK | |
r-oldrel-macos-arm64 | 0.4.4 | 46.00 | OK | |||
r-oldrel-macos-x86_64 | 0.4.4 | 69.00 | OK | |||
r-oldrel-windows-x86_64 | 0.4.4 | 10.00 | 128.00 | 138.00 | OK |
Version: 0.4.4
Check: Rd cross-references
Result: NOTE
Found the following Rd file(s) with Rd \link{} targets missing package
anchors:
rplot.Rd: geom_point
Please provide package anchors for all Rd \link{} targets not in the
package itself and the base packages.
Flavors: r-devel-linux-x86_64-debian-clang, r-devel-linux-x86_64-debian-gcc, r-devel-windows-x86_64