Last updated on 2025-02-17 01:50:22 CET.
Flavor | Version | Tinstall | Tcheck | Ttotal | Status | Flags |
---|---|---|---|---|---|---|
r-devel-linux-x86_64-debian-clang | 0.9.1 | 2.36 | 79.00 | 81.36 | OK | |
r-devel-linux-x86_64-debian-gcc | 0.9.1 | 1.75 | 52.71 | 54.46 | OK | |
r-devel-linux-x86_64-fedora-clang | 0.9.1 | 136.30 | NOTE | |||
r-devel-linux-x86_64-fedora-gcc | 0.9.1 | 137.71 | NOTE | |||
r-devel-macos-arm64 | 0.9.1 | 45.00 | OK | |||
r-devel-macos-x86_64 | 0.9.1 | 108.00 | OK | |||
r-devel-windows-x86_64 | 0.9.1 | 4.00 | 91.00 | 95.00 | OK | |
r-patched-linux-x86_64 | 0.9.1 | 2.42 | 84.73 | 87.15 | NOTE | |
r-release-linux-x86_64 | 0.9.1 | 2.34 | 82.17 | 84.51 | NOTE | |
r-release-macos-arm64 | 0.9.1 | 49.00 | NOTE | |||
r-release-macos-x86_64 | 0.9.1 | 94.00 | NOTE | |||
r-release-windows-x86_64 | 0.9.1 | 4.00 | 106.00 | 110.00 | NOTE | |
r-oldrel-macos-arm64 | 0.9.1 | 50.00 | NOTE | |||
r-oldrel-macos-x86_64 | 0.9.1 | 70.00 | NOTE | |||
r-oldrel-windows-x86_64 | 0.9.1 | 5.00 | 116.00 | 121.00 | NOTE |
Version: 0.9.1
Check: dependencies in R code
Result: NOTE
Namespace in Imports field not imported from: ‘jpeg’
All declared Imports should be used.
Flavors: r-devel-linux-x86_64-fedora-clang, r-devel-linux-x86_64-fedora-gcc
Version: 0.9.1
Check: LazyData
Result: NOTE
'LazyData' is specified without a 'data' directory
Flavors: r-patched-linux-x86_64, r-release-linux-x86_64, r-release-macos-arm64, r-release-macos-x86_64, r-release-windows-x86_64, r-oldrel-macos-arm64, r-oldrel-macos-x86_64, r-oldrel-windows-x86_64