CRAN Package Check Results for Package cplm

Last updated on 2025-05-04 02:50:03 CEST.

Flavor Version Tinstall Tcheck Ttotal Status Flags
r-devel-linux-x86_64-debian-clang 0.7-12.1 21.57 122.86 144.43 OK
r-devel-linux-x86_64-debian-gcc 0.7-12.1 15.09 84.89 99.98 OK
r-devel-linux-x86_64-fedora-clang 0.7-12.1 219.37 OK
r-devel-linux-x86_64-fedora-gcc 0.7-12.1 233.71 OK
r-devel-windows-x86_64 0.7-12.1 28.00 142.00 170.00 OK
r-patched-linux-x86_64 0.7-12.1 21.36 116.24 137.60 OK
r-release-linux-x86_64 OK
r-release-macos-arm64 0.7-12.1 79.00 WARN
r-release-macos-x86_64 0.7-12.1 139.00 OK
r-release-windows-x86_64 0.7-12.1 28.00 137.00 165.00 OK
r-oldrel-macos-arm64 0.7-12.1 76.00 WARN
r-oldrel-macos-x86_64 0.7-12.1 185.00 OK
r-oldrel-windows-x86_64 0.7-12.1 34.00 166.00 200.00 OK

Check Details

Version: 0.7-12.1
Check: re-building of vignette outputs
Result: WARN Error(s) in re-building vignettes: --- re-building ‘cplm.Rnw’ using Sweave Loading required package: coda Loading required package: Matrix Loading required package: splines Error: processing vignette 'cplm.Rnw' failed with diagnostics: Running 'texi2dvi' on 'cplm.tex' failed. LaTeX errors: !pdfTeX error: pdflatex (file bbm10): Font bbm10 at 600 not found ==> Fatal error occurred, no output PDF file produced! --- failed re-building ‘cplm.Rnw’ SUMMARY: processing the following file failed: ‘cplm.Rnw’ Error: Vignette re-building failed. Execution halted Flavors: r-release-macos-arm64, r-oldrel-macos-arm64