Last updated on 2025-05-02 01:51:53 CEST.
Flavor | Version | Tinstall | Tcheck | Ttotal | Status | Flags |
---|---|---|---|---|---|---|
r-devel-linux-x86_64-debian-clang | 1.2.1 | 111.26 | 65.63 | 176.89 | NOTE | |
r-devel-linux-x86_64-debian-gcc | 1.2.1 | 81.98 | 48.80 | 130.78 | NOTE | |
r-devel-linux-x86_64-fedora-clang | 1.2.1 | 331.35 | NOTE | |||
r-devel-linux-x86_64-fedora-gcc | 1.2.1 | 315.83 | NOTE | |||
r-devel-windows-x86_64 | 1.2.1 | 129.00 | 117.00 | 246.00 | OK | |
r-patched-linux-x86_64 | 1.2.1 | 115.36 | 63.33 | 178.69 | OK | |
r-release-linux-x86_64 | OK | |||||
r-release-macos-arm64 | 1.2.1 | 75.00 | OK | |||
r-release-macos-x86_64 | 1.2.1 | 104.00 | OK | |||
r-release-windows-x86_64 | 1.2.1 | 125.00 | 119.00 | 244.00 | OK | |
r-oldrel-macos-arm64 | 1.2.1 | 76.00 | NOTE | |||
r-oldrel-macos-x86_64 | 1.2.1 | 83.00 | NOTE | |||
r-oldrel-windows-x86_64 | 1.2.1 | 141.00 | 128.00 | 269.00 | OK |
Version: 1.2.1
Check: CRAN incoming feasibility
Result: NOTE
Maintainer: ‘Jueyu Gao <jueyu@ualberta.ca>’
No Authors@R field in DESCRIPTION.
Please add one, modifying
Authors@R: c(person(given = c("Jueyu", "Gao", "&", "Linglong"),
family = "Kong",
role = "aut"),
person(given = "Jueyu",
family = "Gao",
role = "cre",
email = "jueyu@ualberta.ca"))
as necessary.
Flavors: r-devel-linux-x86_64-debian-clang, r-devel-linux-x86_64-debian-gcc
Version: 1.2.1
Check: compiled code
Result: NOTE
File ‘cqrReg/libs/cqrReg.so’:
Found no calls to: ‘R_registerRoutines’, ‘R_useDynamicSymbols’
It is good practice to register native routines and to disable symbol
search.
See ‘Writing portable packages’ in the ‘Writing R Extensions’ manual.
Flavors: r-devel-linux-x86_64-fedora-clang, r-devel-linux-x86_64-fedora-gcc
Version: 1.2.1
Check: installed package size
Result: NOTE
installed size is 6.9Mb
sub-directories of 1Mb or more:
libs 6.8Mb
Flavors: r-oldrel-macos-arm64, r-oldrel-macos-x86_64