Last updated on 2024-05-21 02:01:58 CEST.
Flavor | Version | Tinstall | Tcheck | Ttotal | Status | Flags |
---|---|---|---|---|---|---|
r-devel-linux-x86_64-debian-clang | 0.2.3 | 8.81 | 105.61 | 114.42 | OK | |
r-devel-linux-x86_64-debian-gcc | 0.2.3 | 6.16 | 77.72 | 83.88 | OK | |
r-devel-linux-x86_64-fedora-clang | 0.2.3 | 143.73 | NOTE | |||
r-devel-linux-x86_64-fedora-gcc | 0.2.3 | 144.36 | NOTE | |||
r-devel-windows-x86_64 | 0.2.3 | 8.00 | 91.00 | 99.00 | OK | |
r-patched-linux-x86_64 | 0.2.3 | 5.74 | 98.74 | 104.48 | OK | |
r-release-linux-x86_64 | 0.2.3 | 8.32 | 100.95 | 109.27 | OK | |
r-release-macos-arm64 | 0.2.3 | 54.00 | OK | |||
r-release-windows-x86_64 | 0.2.3 | 8.00 | 96.00 | 104.00 | OK | |
r-oldrel-macos-arm64 | 0.2.3 | 52.00 | OK | |||
r-oldrel-macos-x86_64 | 0.2.3 | 110.00 | OK | |||
r-oldrel-windows-x86_64 | 0.2.3 | 11.00 | 105.00 | 116.00 | OK |
Version: 0.2.3
Check: data for non-ASCII characters
Result: NOTE
Note: found 37 marked UTF-8 strings
Flavors: r-devel-linux-x86_64-fedora-clang, r-devel-linux-x86_64-fedora-gcc