Last updated on 2025-10-21 01:48:28 CEST.
Flavor | Version | Tinstall | Tcheck | Ttotal | Status | Flags |
---|---|---|---|---|---|---|
r-devel-linux-x86_64-debian-clang | 0.2.1 | 4.43 | 64.86 | 69.29 | NOTE | |
r-devel-linux-x86_64-debian-gcc | 0.2.1 | 3.08 | 46.20 | 49.28 | NOTE | |
r-devel-linux-x86_64-fedora-clang | 0.2.1 | 74.16 | OK | |||
r-devel-linux-x86_64-fedora-gcc | 0.2.1 | 112.37 | OK | |||
r-devel-windows-x86_64 | 0.2.1 | 7.00 | 87.00 | 94.00 | OK | |
r-patched-linux-x86_64 | 0.2.1 | 5.98 | 61.27 | 67.25 | OK | |
r-release-linux-x86_64 | 0.2.1 | 3.89 | 61.37 | 65.26 | OK | |
r-release-macos-arm64 | 0.2.1 | 46.00 | OK | |||
r-release-macos-x86_64 | 0.2.1 | 69.00 | OK | |||
r-release-windows-x86_64 | 0.2.1 | 8.00 | 84.00 | 92.00 | OK | |
r-oldrel-macos-arm64 | 0.2.1 | 35.00 | OK | |||
r-oldrel-macos-x86_64 | 0.2.1 | 51.00 | OK | |||
r-oldrel-windows-x86_64 | 0.2.1 | 9.00 | 107.00 | 116.00 | OK |
Version: 0.2.1
Check: CRAN incoming feasibility
Result: NOTE
Maintainer: ‘Rubens Jose Rosa <rubens@rubensjoserosa.com>’
Package CITATION file contains call(s) to old-style personList() or
as.personList(). Please use c() on person objects instead.
Package CITATION file contains call(s) to old-style citEntry(). Please
use bibentry() instead.
Flavors: r-devel-linux-x86_64-debian-clang, r-devel-linux-x86_64-debian-gcc
Version: 0.2.1
Check: HTML version of manual
Result: NOTE
Found the following HTML validation problems:
Schedule.html:422:1 (Schedule.Rd:290): Warning: <h5> anchor "Usage" already defined
Schedule.html:428:1 (Schedule.Rd:294): Warning: <h5> anchor "Arguments" already defined
Schedule.html:447:1 (Schedule.Rd:307): Warning: <h5> anchor "Returns" already defined
Schedule.html:465:1 (Schedule.Rd:317): Warning: <h5> anchor "Usage" already defined
Schedule.html:471:1 (Schedule.Rd:321): Warning: <h5> anchor "Arguments" already defined
Schedule.html:484:1 (Schedule.Rd:328): Warning: <h5> anchor "Returns" already defined
Schedule.html:502:1 (Schedule.Rd:338): Warning: <h5> anchor "Usage" already defined
Schedule.html:508:1 (Schedule.Rd:342): Warning: <h5> anchor "Arguments" already defined
Schedule.html:521:1 (Schedule.Rd:349): Warning: <h5> anchor "Returns" already defined
Schedule.html:539:1 (Schedule.Rd:359): Warning: <h5> anchor "Usage" already defined
Schedule.html:545:1 (Schedule.Rd:363): Warning: <h5> anchor "Arguments" already defined
Schedule.html:585:1 (Schedule.Rd:397): Warning: <h5> anchor "Returns" already defined
Schedule.html:603:1 (Schedule.Rd:407): Warning: <h5> anchor "Usage" already defined
Schedule.html:609:1 (Schedule.Rd:411): Warning: <h5> anchor "Arguments" already defined
Schedule.html:622:1 (Schedule.Rd:418): Warning: <h5> anchor "Returns" already defined
Schedule.html:639:1 (Schedule.Rd:427): Warning: <h5> anchor "Usage" already defined
Schedule.html:651:1 (Schedule.Rd:437): Warning: <h5> anchor "Arguments" already defined
Schedule.html:676:1 (Schedule.Rd:456): Warning: <h5> anchor "Returns" already defined
Schedule.html:693:1 (Schedule.Rd:465): Warning: <h5> anchor "Usage" already defined
Schedule.html:699:1 (Schedule.Rd:469): Warning: <h5> anchor "Arguments" already defined
Schedule.html:712:1 (Schedule.Rd:476): Warning: <h5> anchor "Returns" already defined
Schedule.html:729:1 (Schedule.Rd:485): Warning: <h5> anchor "Usage" already defined
Schedule.html:735:1 (Schedule.Rd:489): Warning: <h5> anchor "Arguments" already defined
Schedule.html:751:1 (Schedule.Rd:499): Warning: <h5> anchor "Returns" already defined
Schedule.html:768:1 (Schedule.Rd:508): Warning: <h5> anchor "Usage" already defined
Schedule.html:774:1 (Schedule.Rd:512): Warning: <h5> anchor "Arguments" already defined
Schedule.html:790:1 (Schedule.Rd:522): Warning: <h5> anchor "Returns" already defined
Schedule.html:808:1 (Schedule.Rd:532): Warning: <h5> anchor "Usage" already defined
Schedule.html:814:1 (Schedule.Rd:536): Warning: <h5> anchor "Arguments" already defined
Schedule.html:829:1 (Schedule.Rd:545): Warning: <h5> anchor "Returns" already defined
Schedule.html:848:1 (Schedule.Rd:556): Warning: <h5> anchor "Usage" already defined
Schedule.html:854:1 (Schedule.Rd:560): Warning: <h5> anchor "Arguments" already defined
Schedule.html:867:1 (Schedule.Rd:567): Warning: <h5> anchor "Returns" already defined
Schedule.html:890:1 (Schedule.Rd:582): Warning: <h5> anchor "Usage" already defined
Schedule.html:896:1 (Schedule.Rd:586): Warning: <h5> anchor "Returns" already defined
Schedule.html:914:1 (Schedule.Rd:596): Warning: <h5> anchor "Usage" already defined
Schedule.html:920:1 (Schedule.Rd:600): Warning: <h5> anchor "Arguments" already defined
Schedule.html:934:1 (Schedule.Rd:608): Warning: <h5> anchor "Returns" already defined
Schedule.html:954:1 (Schedule.Rd:620): Warning: <h5> anchor "Usage" already defined
Schedule.html:960:1 (Schedule.Rd:624): Warning: <h5> anchor "Returns" already defined
Schedule.html:981:1 (Schedule.Rd:637): Warning: <h5> anchor "Usage" already defined
Schedule.html:987:1 (Schedule.Rd:641): Warning: <h5> anchor "Returns" already defined
Schedule.html:1010:1 (Schedule.Rd:656): Warning: <h5> anchor "Usage" already defined
Schedule.html:1016:1 (Schedule.Rd:660): Warning: <h5> anchor "Returns" already defined
Schedule.html:1037:1 (Schedule.Rd:673): Warning: <h5> anchor "Usage" already defined
Schedule.html:1043:1 (Schedule.Rd:677): Warning: <h5> anchor "Returns" already defined
Schedule.html:1060:1 (Schedule.Rd:686): Warning: <h5> anchor "Usage" already defined
Schedule.html:1066:1 (Schedule.Rd:690): Warning: <h5> anchor "Arguments" already defined
Flavor: r-devel-linux-x86_64-debian-gcc